CRAN Package Check Results for Package MolgenisAuth

Last updated on 2021-10-24 22:50:27 CEST.

Flavor Version Tinstall Tcheck Ttotal Status Flags
r-devel-linux-x86_64-debian-clang 0.0.18 2.73 27.97 30.70 OK
r-devel-linux-x86_64-debian-gcc 0.0.18 2.15 22.23 24.38 OK
r-devel-linux-x86_64-fedora-clang 0.0.18 49.61 OK
r-devel-linux-x86_64-fedora-gcc 0.0.18 47.30 OK
r-devel-windows-x86_64 0.0.18 5.00 50.00 55.00 OK
r-devel-windows-x86_64-gcc10-UCRT 0.0.18 OK
r-patched-linux-x86_64 0.0.18 6.32 27.40 33.72 OK
r-patched-solaris-x86 0.0.18 55.80 OK
r-release-linux-x86_64 0.0.18 2.59 27.31 29.90 OK
r-release-macos-arm64 0.0.14 NOTE
r-release-macos-x86_64 0.0.18 OK
r-release-windows-ix86+x86_64 0.0.18 5.00 53.00 58.00 OK
r-oldrel-macos-x86_64 0.0.18 OK
r-oldrel-windows-ix86+x86_64 0.0.18 5.00 38.00 43.00 OK

Check Details

Version: 0.0.14
Check: LazyData
Result: NOTE
     'LazyData' is specified without a 'data' directory
Flavor: r-release-macos-arm64