CRAN Package Check Results for Package MonetDB.R

Last updated on 2019-06-25 18:48:20 CEST.

Flavor Version Tinstall Tcheck Ttotal Status Flags
r-devel-linux-x86_64-debian-clang 1.0.1 4.93 29.33 34.26 NOTE
r-devel-linux-x86_64-debian-gcc 1.0.1 4.02 23.98 28.00 NOTE
r-devel-linux-x86_64-fedora-clang 1.0.1 42.35 NOTE
r-devel-linux-x86_64-fedora-gcc 1.0.1 40.98 NOTE
r-devel-windows-ix86+x86_64 1.0.1 18.00 65.00 83.00 NOTE
r-patched-linux-x86_64 1.0.1 4.70 29.90 34.60 NOTE
r-patched-solaris-x86 1.0.1 64.50 NOTE
r-release-linux-x86_64 1.0.1 4.83 29.65 34.48 NOTE
r-release-windows-ix86+x86_64 1.0.1 12.00 80.00 92.00 NOTE
r-release-osx-x86_64 1.0.1 NOTE
r-oldrel-windows-ix86+x86_64 1.0.1 9.00 49.00 58.00 NOTE
r-oldrel-osx-x86_64 1.0.1 NOTE

Check Details

Version: 1.0.1
Check: package dependencies
Result: NOTE
    Package which this enhances but not available for checking: 'MonetDBLite'
Flavors: r-devel-linux-x86_64-debian-clang, r-devel-linux-x86_64-debian-gcc, r-devel-linux-x86_64-fedora-clang, r-devel-linux-x86_64-fedora-gcc, r-patched-linux-x86_64, r-patched-solaris-x86, r-release-linux-x86_64

Version: 1.0.1
Check: dependencies in R code
Result: NOTE
    Missing or unexported objects:
     'dplyr::base_agg' 'dplyr::base_scalar' 'dplyr::build_sql'
     'dplyr::is.ident' 'dplyr::sql_infix' 'dplyr::sql_prefix'
     'dplyr::sql_translator' 'dplyr::sql_variant' 'dplyr::src_sql'
     'dplyr::tbl_sql'
Flavors: r-devel-linux-x86_64-debian-clang, r-devel-linux-x86_64-debian-gcc, r-devel-linux-x86_64-fedora-clang, r-devel-linux-x86_64-fedora-gcc, r-devel-windows-ix86+x86_64, r-patched-linux-x86_64, r-patched-solaris-x86, r-release-linux-x86_64, r-release-windows-ix86+x86_64, r-release-osx-x86_64, r-oldrel-windows-ix86+x86_64, r-oldrel-osx-x86_64

Version: 1.0.1
Check: compiled code
Result: NOTE
    File ‘MonetDB.R/libs/MonetDB.R.so’:
     Found no calls to: ‘R_registerRoutines’, ‘R_useDynamicSymbols’
    
    It is good practice to register native routines and to disable symbol
    search.
    
    See ‘Writing portable packages’ in the ‘Writing R Extensions’ manual.
Flavors: r-devel-linux-x86_64-fedora-clang, r-devel-linux-x86_64-fedora-gcc