CRAN Package Check Results for Package MonetDB.R

Last updated on 2022-09-29 03:58:08 CEST.

Flavor Version Tinstall Tcheck Ttotal Status Flags
r-devel-linux-x86_64-debian-clang 2.0.0 6.80 35.96 42.76 OK
r-devel-linux-x86_64-debian-gcc 2.0.0 4.28 27.90 32.18 OK
r-devel-linux-x86_64-fedora-clang 2.0.0 62.90 NOTE
r-devel-linux-x86_64-fedora-gcc 2.0.0 60.04 NOTE
r-devel-windows-x86_64 2.0.0 46.00 68.00 114.00 OK
r-patched-linux-x86_64 2.0.0 5.22 34.27 39.49 OK
r-release-linux-x86_64 2.0.0 6.12 34.48 40.60 OK
r-release-macos-arm64 2.0.0 22.00 NOTE
r-release-macos-x86_64 2.0.0 37.00 NOTE
r-release-windows-x86_64 2.0.0 43.00 65.00 108.00 OK
r-oldrel-macos-arm64 2.0.0 31.00 NOTE
r-oldrel-macos-x86_64 2.0.0 46.00 NOTE
r-oldrel-windows-ix86+x86_64 2.0.0 16.00 76.00 92.00 OK

Check Details

Version: 2.0.0
Check: dependencies in R code
Result: NOTE
    Namespace in Imports field not imported from: ‘testthat’
     All declared Imports should be used.
Flavors: r-devel-linux-x86_64-fedora-clang, r-devel-linux-x86_64-fedora-gcc, r-release-macos-arm64, r-release-macos-x86_64, r-oldrel-macos-arm64, r-oldrel-macos-x86_64