CRAN Package Check Results for Package MsdeParEst

Last updated on 2019-10-14 05:47:01 CEST.

Flavor Version Tinstall Tcheck Ttotal Status Flags
r-devel-linux-x86_64-debian-clang 1.7 11.91 71.91 83.82 OK
r-devel-linux-x86_64-debian-gcc 1.7 9.29 56.99 66.28 OK
r-devel-linux-x86_64-fedora-clang 1.7 102.20 NOTE
r-devel-linux-x86_64-fedora-gcc 1.7 98.97 NOTE
r-devel-windows-ix86+x86_64 1.7 18.00 108.00 126.00 OK
r-patched-linux-x86_64 1.7 9.97 70.71 80.68 OK
r-patched-solaris-x86 1.7 141.90 NOTE
r-release-linux-x86_64 1.7 11.31 71.22 82.53 OK
r-release-windows-ix86+x86_64 1.7 23.00 75.00 98.00 OK
r-release-osx-x86_64 1.7 NOTE
r-oldrel-windows-ix86+x86_64 1.7 13.00 76.00 89.00 OK
r-oldrel-osx-x86_64 1.7 NOTE

Check Details

Version: 1.7
Check: dependencies in R code
Result: NOTE
    Namespaces in Imports field not imported from:
     ‘MASS’ ‘moments’ ‘mvtnorm’
     All declared Imports should be used.
Flavors: r-devel-linux-x86_64-fedora-clang, r-devel-linux-x86_64-fedora-gcc, r-patched-solaris-x86, r-release-osx-x86_64, r-oldrel-osx-x86_64