CRAN Package Check Results for Package MsdeParEst

Last updated on 2019-07-16 07:50:55 CEST.

Flavor Version Tinstall Tcheck Ttotal Status Flags
r-devel-linux-x86_64-debian-clang 1.7 10.21 73.18 83.39 OK
r-devel-linux-x86_64-debian-gcc 1.7 8.62 56.83 65.45 OK
r-devel-linux-x86_64-fedora-clang 1.7 95.88 NOTE
r-devel-linux-x86_64-fedora-gcc 1.7 94.56 NOTE
r-devel-windows-ix86+x86_64 1.7 22.00 89.00 111.00 OK
r-patched-linux-x86_64 1.7 10.05 71.99 82.04 OK
r-patched-solaris-x86 1.7 148.10 NOTE
r-release-linux-x86_64 1.7 9.72 71.98 81.70 OK
r-release-windows-ix86+x86_64 1.7 18.00 108.00 126.00 OK
r-release-osx-x86_64 1.7 NOTE
r-oldrel-windows-ix86+x86_64 1.7 16.00 70.00 86.00 OK
r-oldrel-osx-x86_64 1.7 NOTE

Check Details

Version: 1.7
Check: dependencies in R code
Result: NOTE
    Namespaces in Imports field not imported from:
     ‘MASS’ ‘moments’ ‘mvtnorm’
     All declared Imports should be used.
Flavors: r-devel-linux-x86_64-fedora-clang, r-devel-linux-x86_64-fedora-gcc, r-patched-solaris-x86, r-release-osx-x86_64, r-oldrel-osx-x86_64