CRAN Package Check Results for Package MuMIn

Last updated on 2024-02-23 13:52:32 CET.

Flavor Version Tinstall Tcheck Ttotal Status Flags
r-devel-linux-x86_64-debian-clang 1.47.5 OK
r-devel-linux-x86_64-debian-gcc 1.47.5 16.63 143.50 160.13 OK
r-devel-linux-x86_64-fedora-clang 1.47.5 271.42 NOTE
r-devel-linux-x86_64-fedora-gcc 1.47.5 263.12 OK
r-devel-windows-x86_64 1.47.5 16.00 160.00 176.00 OK
r-patched-linux-x86_64 1.47.5 16.10 188.22 204.32 OK
r-release-linux-x86_64 1.47.5 16.76 182.89 199.65 OK
r-release-macos-arm64 1.47.5 73.00 OK
r-release-macos-x86_64 1.47.5 133.00 OK
r-release-windows-x86_64 1.47.5 22.00 208.00 230.00 OK
r-oldrel-macos-arm64 1.47.5 69.00 OK
r-oldrel-windows-x86_64 1.47.5 25.00 202.00 227.00 OK

Check Details

Version: 1.47.5
Check: Rd cross-references
Result: NOTE Undeclared packages ‘AICcmodavg’, ‘bbmle’, ‘glmulti’, ‘arm’, ‘performance’, ‘wgeesel’, ‘ape’, ‘bestglm’, ‘leaps’, ‘glmmTMB’, ‘brglm’, ‘quantreg’, ‘maxlike’, ‘RMark’ in Rd xrefs Flavor: r-devel-linux-x86_64-fedora-clang