CRAN Package Check Results for Package MullerPlot

Last updated on 2020-09-18 18:47:31 CEST.

Flavor Version Tinstall Tcheck Ttotal Status Flags
r-devel-linux-x86_64-debian-clang 0.1.2 2.56 29.06 31.62 NOTE
r-devel-linux-x86_64-debian-gcc 0.1.2 2.21 22.16 24.37 NOTE
r-devel-linux-x86_64-fedora-clang 0.1.2 46.91 OK
r-devel-linux-x86_64-fedora-gcc 0.1.2 40.74 OK
r-devel-windows-ix86+x86_64 0.1.2 7.00 48.00 55.00 NOTE
r-patched-linux-x86_64 0.1.2 2.54 28.57 31.11 NOTE
r-patched-solaris-x86 0.1.2 54.70 OK
r-release-linux-x86_64 0.1.2 2.75 28.53 31.28 NOTE
r-release-macos-x86_64 0.1.2 OK
r-release-windows-ix86+x86_64 0.1.2 7.00 49.00 56.00 NOTE
r-oldrel-macos-x86_64 0.1.2 OK
r-oldrel-windows-ix86+x86_64 0.1.2 3.00 67.00 70.00 OK

Check Details

Version: 0.1.2
Check: package vignettes
Result: NOTE
    Package vignette with placeholder title 'Vignette Title':
     'MullerPlot.Rmd'
Flavors: r-devel-linux-x86_64-debian-clang, r-devel-linux-x86_64-debian-gcc, r-devel-windows-ix86+x86_64, r-patched-linux-x86_64, r-release-linux-x86_64, r-release-windows-ix86+x86_64