Last updated on 2023-12-09 11:49:31 CET.
Flavor | Version | Tinstall | Tcheck | Ttotal | Status | Flags |
---|---|---|---|---|---|---|
r-devel-linux-x86_64-debian-clang | 1.2 | 2.04 | 20.57 | 22.61 | NOTE | |
r-devel-linux-x86_64-debian-gcc | 1.2 | 1.65 | 16.17 | 17.82 | NOTE | |
r-devel-linux-x86_64-fedora-clang | 1.2 | 28.54 | NOTE | |||
r-devel-linux-x86_64-fedora-gcc | 1.2 | 27.73 | NOTE | |||
r-devel-windows-x86_64 | 1.2 | 2.00 | 37.00 | 39.00 | NOTE | |
r-patched-linux-x86_64 | 1.2 | 1.67 | 20.38 | 22.05 | NOTE | |
r-release-linux-x86_64 | 1.2 | 1.89 | 20.36 | 22.25 | NOTE | |
r-release-macos-arm64 | 1.2 | 14.00 | NOTE | |||
r-release-macos-x86_64 | 1.2 | 18.00 | NOTE | |||
r-release-windows-x86_64 | 1.2 | 3.00 | 37.00 | 40.00 | NOTE | |
r-oldrel-macos-arm64 | 1.2 | 15.00 | NOTE | |||
r-oldrel-macos-x86_64 | 1.2 | 18.00 | NOTE | |||
r-oldrel-windows-x86_64 | 1.2 | 11.00 | 58.00 | 69.00 | NOTE |
Version: 1.2
Check: LazyData
Result: NOTE
'LazyData' is specified without a 'data' directory
Flavors: r-devel-linux-x86_64-debian-clang, r-devel-linux-x86_64-debian-gcc, r-devel-linux-x86_64-fedora-clang, r-devel-linux-x86_64-fedora-gcc, r-devel-windows-x86_64, r-patched-linux-x86_64, r-release-linux-x86_64, r-release-macos-arm64, r-release-macos-x86_64, r-release-windows-x86_64, r-oldrel-macos-arm64, r-oldrel-macos-x86_64, r-oldrel-windows-x86_64