CRAN Package Check Results for Package MultAlloc

Last updated on 2022-05-23 09:51:15 CEST.

Flavor Version Tinstall Tcheck Ttotal Status Flags
r-devel-linux-x86_64-debian-clang 1.2 2.03 29.37 31.40 NOTE
r-devel-linux-x86_64-debian-gcc 1.2 1.79 23.34 25.13 NOTE
r-devel-linux-x86_64-fedora-clang 1.2 38.87 NOTE
r-devel-linux-x86_64-fedora-gcc 1.2 38.00 NOTE
r-devel-windows-x86_64 1.2 12.00 44.00 56.00 NOTE
r-patched-linux-x86_64 1.2 2.03 29.50 31.53 NOTE
r-release-linux-x86_64 1.2 NOTE
r-release-macos-arm64 1.2 12.00 NOTE
r-release-macos-x86_64 1.2 18.00 NOTE
r-release-windows-x86_64 1.2 4.00 44.00 48.00 NOTE
r-oldrel-macos-arm64 1.2 20.00 NOTE
r-oldrel-macos-x86_64 1.2 25.00 NOTE
r-oldrel-windows-ix86+x86_64 1.2 4.00 37.00 41.00 NOTE

Check Details

Version: 1.2
Check: LazyData
Result: NOTE
     'LazyData' is specified without a 'data' directory
Flavors: r-devel-linux-x86_64-debian-clang, r-devel-linux-x86_64-debian-gcc, r-devel-linux-x86_64-fedora-clang, r-devel-linux-x86_64-fedora-gcc, r-devel-windows-x86_64, r-patched-linux-x86_64, r-release-linux-x86_64, r-release-macos-arm64, r-release-macos-x86_64, r-release-windows-x86_64, r-oldrel-macos-arm64, r-oldrel-macos-x86_64, r-oldrel-windows-ix86+x86_64