CRAN Package Check Results for Package MultOrdRS

Last updated on 2021-11-30 03:57:01 CET.

Flavor Version Tinstall Tcheck Ttotal Status Flags
r-devel-linux-x86_64-debian-clang 0.1-2 49.22 40.83 90.05 OK
r-devel-linux-x86_64-debian-gcc 0.1-2 32.56 30.24 62.80 OK
r-devel-linux-x86_64-fedora-clang 0.1-2 147.19 OK
r-devel-linux-x86_64-fedora-gcc 0.1-2 111.86 OK
r-devel-windows-x86_64-new-UL 0.1-2 58.00 96.00 154.00 OK
r-devel-windows-x86_64-new-TK 0.1-2 OK
r-devel-windows-x86_64-old 0.1-2 57.00 53.00 110.00 OK
r-patched-linux-x86_64 0.1-2 41.16 37.76 78.92 OK
r-patched-solaris-x86 0.1-2 157.90 OK
r-release-linux-x86_64 0.1-2 37.09 37.59 74.68 OK
r-release-macos-arm64 0.1-2 NOTE
r-release-macos-x86_64 0.1-2 OK
r-release-windows-ix86+x86_64 0.1-2 105.00 70.00 175.00 OK
r-oldrel-macos-x86_64 0.1-2 OK
r-oldrel-windows-ix86+x86_64 0.1-2 81.00 85.00 166.00 OK

Check Details

Version: 0.1-2
Check: installed package size
Result: NOTE
     installed size is 5.6Mb
     sub-directories of 1Mb or more:
     libs 5.5Mb
Flavor: r-release-macos-arm64