CRAN Package Check Results for Package MultiVarSel

Last updated on 2019-05-21 18:56:34 CEST.

Flavor Version Tinstall Tcheck Ttotal Status Flags
r-devel-linux-x86_64-debian-clang 1.1.3 5.99 57.97 63.96 OK
r-devel-linux-x86_64-debian-gcc 1.1.3 4.90 46.54 51.44 OK
r-devel-linux-x86_64-fedora-clang 1.1.3 76.46 NOTE
r-devel-linux-x86_64-fedora-gcc 1.1.3 75.35 NOTE
r-devel-windows-ix86+x86_64 1.1.3 14.00 93.00 107.00 OK
r-patched-linux-x86_64 1.1.3 5.83 57.56 63.39 OK
r-patched-solaris-x86 1.1.3 132.00 NOTE
r-release-linux-x86_64 1.1.3 5.89 57.85 63.74 OK
r-release-windows-ix86+x86_64 1.1.3 20.00 86.00 106.00 OK
r-release-osx-x86_64 1.1.3 NOTE
r-oldrel-windows-ix86+x86_64 1.1.3 8.00 65.00 73.00 OK
r-oldrel-osx-x86_64 1.1.3 NOTE

Check Details

Version: 1.1.3
Check: data for non-ASCII characters
Result: NOTE
     Note: found 6 marked UTF-8 strings
Flavors: r-devel-linux-x86_64-fedora-clang, r-devel-linux-x86_64-fedora-gcc, r-patched-solaris-x86, r-release-osx-x86_64, r-oldrel-osx-x86_64