CRAN Package Check Results for Package MultiVarSel

Last updated on 2020-05-28 16:49:43 CEST.

Flavor Version Tinstall Tcheck Ttotal Status Flags
r-devel-linux-x86_64-debian-clang 1.1.3 6.50 64.11 70.61 OK
r-devel-linux-x86_64-debian-gcc 1.1.3 5.95 49.76 55.71 OK
r-devel-linux-x86_64-fedora-clang 1.1.3 91.24 NOTE
r-devel-linux-x86_64-fedora-gcc 1.1.3 83.92 NOTE
r-devel-windows-ix86+x86_64 1.1.3 22.00 101.00 123.00 OK
r-patched-linux-x86_64 1.1.3 6.53 63.72 70.25 OK
r-patched-solaris-x86 1.1.3 131.90 NOTE
r-release-linux-x86_64 1.1.3 6.56 63.62 70.18 OK
r-release-osx-x86_64 1.1.3 NOTE
r-release-windows-ix86+x86_64 1.1.3 16.00 119.00 135.00 OK
r-oldrel-osx-x86_64 1.1.3 NOTE
r-oldrel-windows-ix86+x86_64 1.1.3 20.00 74.00 94.00 OK

Check Details

Version: 1.1.3
Check: data for non-ASCII characters
Result: NOTE
     Note: found 6 marked UTF-8 strings
Flavors: r-devel-linux-x86_64-fedora-clang, r-devel-linux-x86_64-fedora-gcc, r-patched-solaris-x86, r-release-osx-x86_64, r-oldrel-osx-x86_64