CRAN Package Check Results for Package MultiVarSel

Last updated on 2019-07-18 15:47:30 CEST.

Flavor Version Tinstall Tcheck Ttotal Status Flags
r-devel-linux-x86_64-debian-clang 1.1.3 6.71 58.25 64.96 OK
r-devel-linux-x86_64-debian-gcc 1.1.3 5.91 47.37 53.28 OK
r-devel-linux-x86_64-fedora-clang 1.1.3 76.85 NOTE
r-devel-linux-x86_64-fedora-gcc 1.1.3 75.96 NOTE
r-devel-windows-ix86+x86_64 1.1.3 20.00 66.00 86.00 OK
r-patched-linux-x86_64 1.1.3 5.95 57.69 63.64 OK
r-patched-solaris-x86 1.1.3 128.80 NOTE
r-release-linux-x86_64 1.1.3 6.49 57.83 64.32 OK
r-release-windows-ix86+x86_64 1.1.3 13.00 98.00 111.00 OK
r-release-osx-x86_64 1.1.3 NOTE
r-oldrel-windows-ix86+x86_64 1.1.3 9.00 87.00 96.00 OK
r-oldrel-osx-x86_64 1.1.3 NOTE

Check Details

Version: 1.1.3
Check: data for non-ASCII characters
Result: NOTE
     Note: found 6 marked UTF-8 strings
Flavors: r-devel-linux-x86_64-fedora-clang, r-devel-linux-x86_64-fedora-gcc, r-patched-solaris-x86, r-release-osx-x86_64, r-oldrel-osx-x86_64