Last updated on 2023-01-29 16:55:03 CET.
Flavor | Version | Tinstall | Tcheck | Ttotal | Status | Flags |
---|---|---|---|---|---|---|
r-devel-linux-x86_64-debian-clang | 0.5.3 | 62.72 | 298.44 | 361.16 | OK | |
r-devel-linux-x86_64-debian-gcc | 0.5.3 | 45.86 | 218.22 | 264.08 | NOTE | |
r-devel-linux-x86_64-fedora-clang | 0.5.3 | 482.00 | OK | |||
r-devel-linux-x86_64-fedora-gcc | 0.5.3 | 448.26 | NOTE | |||
r-devel-windows-x86_64 | 0.5.3 | 122.00 | 316.00 | 438.00 | NOTE | |
r-patched-linux-x86_64 | 0.5.3 | 60.22 | 290.07 | 350.29 | OK | |
r-release-linux-x86_64 | 0.5.3 | 60.25 | 288.47 | 348.72 | OK | |
r-release-macos-arm64 | 0.5.3 | 99.00 | OK | |||
r-release-macos-x86_64 | 0.5.3 | 129.00 | OK | |||
r-release-windows-x86_64 | 0.5.3 | 105.00 | 308.00 | 413.00 | OK | |
r-oldrel-macos-arm64 | 0.5.3 | 91.00 | OK | |||
r-oldrel-macos-x86_64 | 0.5.3 | 130.00 | OK | |||
r-oldrel-windows-ix86+x86_64 | 0.5.3 | 152.00 | 415.00 | 567.00 | OK |
Version: 0.5.3
Check: C++ specification
Result: NOTE
Specified C++11: please update to current default of C++17
Flavors: r-devel-linux-x86_64-debian-gcc, r-devel-linux-x86_64-fedora-gcc, r-devel-windows-x86_64