CRAN Package Check Results for Package My.stepwise

Last updated on 2024-05-25 02:51:48 CEST.

Flavor Version Tinstall Tcheck Ttotal Status Flags
r-devel-linux-x86_64-debian-clang 0.1.0 8.88 67.38 76.26 NOTE
r-devel-linux-x86_64-debian-gcc 0.1.0 6.66 50.45 57.11 NOTE
r-devel-linux-x86_64-fedora-clang 0.1.0 93.12 NOTE
r-devel-linux-x86_64-fedora-gcc 0.1.0 89.12 NOTE
r-devel-windows-x86_64 0.1.0 7.00 65.00 72.00 NOTE
r-patched-linux-x86_64 0.1.0 6.25 62.85 69.10 NOTE
r-release-linux-x86_64 0.1.0 8.19 63.53 71.72 NOTE
r-release-macos-arm64 0.1.0 30.00 NOTE
r-release-windows-x86_64 0.1.0 8.00 64.00 72.00 NOTE
r-oldrel-macos-arm64 0.1.0 34.00 NOTE
r-oldrel-macos-x86_64 0.1.0 49.00 NOTE
r-oldrel-windows-x86_64 0.1.0 10.00 78.00 88.00 NOTE

Check Details

Version: 0.1.0
Check: LazyData
Result: NOTE 'LazyData' is specified without a 'data' directory Flavors: r-devel-linux-x86_64-debian-clang, r-devel-linux-x86_64-debian-gcc, r-devel-linux-x86_64-fedora-clang, r-devel-linux-x86_64-fedora-gcc, r-devel-windows-x86_64, r-patched-linux-x86_64, r-release-linux-x86_64, r-release-macos-arm64, r-release-windows-x86_64, r-oldrel-macos-arm64, r-oldrel-macos-x86_64, r-oldrel-windows-x86_64