CRAN Package Check Results for Package My.stepwise

Last updated on 2021-10-19 09:54:20 CEST.

Flavor Version Tinstall Tcheck Ttotal Status Flags
r-devel-linux-x86_64-debian-clang 0.1.0 10.37 83.23 93.60 NOTE
r-devel-linux-x86_64-debian-gcc 0.1.0 8.70 62.12 70.82 NOTE
r-devel-linux-x86_64-fedora-clang 0.1.0 119.22 NOTE
r-devel-linux-x86_64-fedora-gcc 0.1.0 107.03 NOTE
r-devel-windows-x86_64 0.1.0 16.00 107.00 123.00 NOTE
r-devel-windows-x86_64-gcc10-UCRT 0.1.0 NOTE
r-patched-linux-x86_64 0.1.0 9.95 77.48 87.43 NOTE
r-patched-solaris-x86 0.1.0 162.00 NOTE
r-release-linux-x86_64 0.1.0 10.09 78.92 89.01 NOTE
r-release-macos-arm64 0.1.0 NOTE
r-release-macos-x86_64 0.1.0 NOTE
r-release-windows-ix86+x86_64 0.1.0 25.00 106.00 131.00 NOTE
r-oldrel-macos-x86_64 0.1.0 OK
r-oldrel-windows-ix86+x86_64 0.1.0 26.00 108.00 134.00 OK

Check Details

Version: 0.1.0
Check: LazyData
Result: NOTE
     'LazyData' is specified without a 'data' directory
Flavors: r-devel-linux-x86_64-debian-clang, r-devel-linux-x86_64-debian-gcc, r-devel-linux-x86_64-fedora-clang, r-devel-linux-x86_64-fedora-gcc, r-devel-windows-x86_64, r-devel-windows-x86_64-gcc10-UCRT, r-patched-linux-x86_64, r-patched-solaris-x86, r-release-linux-x86_64, r-release-macos-arm64, r-release-macos-x86_64, r-release-windows-ix86+x86_64