Last updated on 2023-06-06 01:03:34 CEST.
Flavor | Version | Tinstall | Tcheck | Ttotal | Status | Flags |
---|---|---|---|---|---|---|
r-devel-linux-x86_64-debian-clang | 2.0.4 | 9.84 | 370.04 | 379.88 | OK | |
r-devel-linux-x86_64-debian-gcc | 2.0.4 | 5.84 | 246.04 | 251.88 | OK | |
r-devel-linux-x86_64-fedora-clang | 2.0.4 | 414.53 | OK | |||
r-devel-linux-x86_64-fedora-gcc | 2.0.4 | 379.11 | OK | |||
r-devel-windows-x86_64 | 2.0.4 | 11.00 | 401.00 | 412.00 | OK | |
r-patched-linux-x86_64 | 2.0.4 | 7.42 | 305.90 | 313.32 | OK | |
r-release-linux-x86_64 | 2.0.4 | 6.15 | 303.53 | 309.68 | OK | |
r-release-macos-arm64 | 2.0.4 | 98.00 | NOTE | |||
r-release-macos-x86_64 | 2.0.4 | 176.00 | OK | |||
r-release-windows-x86_64 | 2.0.4 | 14.00 | 718.00 | 732.00 | OK | |
r-oldrel-macos-arm64 | 2.0.4 | 226.00 | OK | |||
r-oldrel-macos-x86_64 | 2.0.4 | 237.00 | OK | |||
r-oldrel-windows-x86_64 | 2.0.4 | 13.00 | 579.00 | 592.00 | OK |
Version: 2.0.4
Check: package dependencies
Result: NOTE
Package suggested but not available for checking: ‘GEOquery’
Flavor: r-release-macos-arm64