Last updated on 2022-07-05 07:51:00 CEST.
Flavor | Version | Tinstall | Tcheck | Ttotal | Status | Flags |
---|---|---|---|---|---|---|
r-devel-linux-x86_64-debian-clang | 1.0.2 | 19.13 | 173.79 | 192.92 | OK | |
r-devel-linux-x86_64-debian-gcc | 1.0.2 | 13.19 | 125.41 | 138.60 | OK | |
r-devel-linux-x86_64-fedora-clang | 1.0.2 | 234.62 | NOTE | |||
r-devel-linux-x86_64-fedora-gcc | 1.0.2 | 232.92 | NOTE | |||
r-devel-windows-x86_64 | 1.0.2 | 33.00 | 195.00 | 228.00 | OK | |
r-patched-linux-x86_64 | 1.0.2 | 17.45 | 160.69 | 178.14 | OK | |
r-release-linux-x86_64 | 1.0.2 | 17.52 | 162.94 | 180.46 | OK | |
r-release-macos-arm64 | 1.0.2 | 68.00 | NOTE | |||
r-release-macos-x86_64 | 1.0.2 | 91.00 | NOTE | |||
r-release-windows-x86_64 | 1.0.2 | 23.00 | 208.00 | 231.00 | OK | |
r-oldrel-macos-arm64 | 1.0.2 | 47.00 | NOTE | |||
r-oldrel-macos-x86_64 | 1.0.2 | 87.00 | NOTE | |||
r-oldrel-windows-ix86+x86_64 | 1.0.2 | 41.00 | 198.00 | 239.00 | OK |
Version: 1.0.2
Check: dependencies in R code
Result: NOTE
Namespaces in Imports field not imported from:
‘Kendall’ ‘perm’
All declared Imports should be used.
Flavors: r-devel-linux-x86_64-fedora-clang, r-devel-linux-x86_64-fedora-gcc, r-release-macos-arm64, r-release-macos-x86_64, r-oldrel-macos-arm64, r-oldrel-macos-x86_64