CRAN Package Check Results for Package NAEPprimer

Last updated on 2020-03-31 15:49:43 CEST.

Flavor Version Tinstall Tcheck Ttotal Status Flags
r-devel-linux-x86_64-debian-clang 1.0.1 3.16 16.00 19.16 OK
r-devel-linux-x86_64-debian-gcc 1.0.1 2.44 13.10 15.54 OK
r-devel-linux-x86_64-fedora-clang 1.0.1 22.90 NOTE
r-devel-linux-x86_64-fedora-gcc 1.0.1 21.89 OK
r-devel-windows-ix86+x86_64 1.0.1 7.00 36.00 43.00 NOTE
r-devel-windows-ix86+x86_64-gcc8 1.0.1 6.00 27.00 33.00 NOTE
r-patched-linux-x86_64 1.0.1 2.71 15.98 18.69 OK
r-patched-solaris-x86 1.0.1 39.50 NOTE
r-release-linux-x86_64 1.0.1 2.48 15.22 17.70 OK
r-release-windows-ix86+x86_64 1.0.1 7.00 36.00 43.00 NOTE
r-release-osx-x86_64 1.0.1 NOTE
r-oldrel-windows-ix86+x86_64 1.0.1 4.00 24.00 28.00 NOTE
r-oldrel-osx-x86_64 1.0.1 NOTE

Check Details

Version: 1.0.1
Check: installed package size
Result: NOTE
     installed size is 16.3Mb
     sub-directories of 1Mb or more:
     extdata 16.2Mb
Flavors: r-devel-linux-x86_64-fedora-clang, r-devel-windows-ix86+x86_64, r-devel-windows-ix86+x86_64-gcc8, r-patched-solaris-x86, r-release-windows-ix86+x86_64, r-release-osx-x86_64, r-oldrel-windows-ix86+x86_64, r-oldrel-osx-x86_64