CRAN Package Check Results for Package NAEPprimer

Last updated on 2019-03-23 18:47:27 CET.

Flavor Version Tinstall Tcheck Ttotal Status Flags
r-devel-linux-x86_64-debian-clang 1.0.1 2.62 15.38 18.00 OK
r-devel-linux-x86_64-debian-gcc 1.0.1 2.01 12.68 14.69 OK
r-devel-linux-x86_64-fedora-clang 1.0.1 20.79 NOTE
r-devel-linux-x86_64-fedora-gcc 1.0.1 19.39 OK
r-devel-windows-ix86+x86_64 1.0.1 7.00 35.00 42.00 NOTE
r-patched-linux-x86_64 1.0.1 1.64 14.54 16.18 OK
r-patched-solaris-x86 1.0.1 32.10 NOTE
r-release-linux-x86_64 1.0.1 1.38 1.76 3.14 ERROR
r-release-windows-ix86+x86_64 1.0.1 4.00 24.00 28.00 NOTE
r-release-osx-x86_64 1.0.1 NOTE
r-oldrel-windows-ix86+x86_64 1.0.1 4.00 24.00 28.00 NOTE
r-oldrel-osx-x86_64 1.0.1 NOTE

Check Details

Version: 1.0.1
Check: installed package size
Result: NOTE
     installed size is 16.3Mb
     sub-directories of 1Mb or more:
     extdata 16.2Mb
Flavors: r-devel-linux-x86_64-fedora-clang, r-devel-windows-ix86+x86_64, r-patched-solaris-x86, r-release-windows-ix86+x86_64, r-release-osx-x86_64, r-oldrel-windows-ix86+x86_64, r-oldrel-osx-x86_64

Version: 1.0.1
Check: whether package can be installed
Result: ERROR
    Installation failed.
Flavor: r-release-linux-x86_64