CRAN Package Check Results for Package NAEPprimer

Last updated on 2019-05-26 16:48:31 CEST.

Flavor Version Tinstall Tcheck Ttotal Status Flags
r-devel-linux-x86_64-debian-clang 1.0.1 2.31 15.37 17.68 OK
r-devel-linux-x86_64-debian-gcc 1.0.1 2.02 12.58 14.60 OK
r-devel-linux-x86_64-fedora-clang 1.0.1 20.94 NOTE
r-devel-linux-x86_64-fedora-gcc 1.0.1 19.46 OK
r-devel-windows-ix86+x86_64 1.0.1 8.00 31.00 39.00 NOTE
r-patched-linux-x86_64 1.0.1 OK
r-patched-solaris-x86 1.0.1 35.20 NOTE
r-release-linux-x86_64 1.0.1 2.50 15.24 17.74 OK
r-release-windows-ix86+x86_64 1.0.1 8.00 31.00 39.00 NOTE
r-release-osx-x86_64 1.0.1 NOTE
r-oldrel-windows-ix86+x86_64 1.0.1 4.00 24.00 28.00 NOTE
r-oldrel-osx-x86_64 1.0.1 NOTE

Check Details

Version: 1.0.1
Check: installed package size
Result: NOTE
     installed size is 16.3Mb
     sub-directories of 1Mb or more:
     extdata 16.2Mb
Flavors: r-devel-linux-x86_64-fedora-clang, r-devel-windows-ix86+x86_64, r-patched-solaris-x86, r-release-windows-ix86+x86_64, r-release-osx-x86_64, r-oldrel-windows-ix86+x86_64, r-oldrel-osx-x86_64