CRAN Package Check Results for Package NBLDA

Last updated on 2019-10-22 15:47:08 CEST.

Flavor Version Tinstall Tcheck Ttotal Status Flags
r-devel-linux-x86_64-debian-clang 0.99.0 4.84 41.74 46.58 WARN
r-devel-linux-x86_64-debian-gcc 0.99.0 5.21 32.55 37.76 OK
r-devel-linux-x86_64-fedora-clang 0.99.0 57.43 OK
r-devel-linux-x86_64-fedora-gcc 0.99.0 54.63 OK
r-devel-windows-ix86+x86_64 0.99.0 13.00 54.00 67.00 OK
r-patched-linux-x86_64 0.99.0 4.81 40.17 44.98 OK
r-patched-solaris-x86 0.99.0 85.10 OK
r-release-linux-x86_64 0.99.0 4.16 40.87 45.03 OK
r-release-windows-ix86+x86_64 0.99.0 17.00 56.00 73.00 OK
r-release-osx-x86_64 0.99.0 ERROR
r-oldrel-windows-ix86+x86_64 0.99.0 10.00 78.00 88.00 OK
r-oldrel-osx-x86_64 0.99.0 ERROR

Check Details

Version: 0.99.0
Check: whether package can be installed
Result: WARN
    Found the following significant warnings:
     Warning: unable to re-encode 'normalize_counts.R' line 58
Flavor: r-devel-linux-x86_64-debian-clang

Version: 0.99.0
Check: package dependencies
Result: ERROR
    Package required but not available: ‘sSeq’
    
    See section ‘The DESCRIPTION file’ in the ‘Writing R Extensions’
    manual.
Flavors: r-release-osx-x86_64, r-oldrel-osx-x86_64