CRAN Package Check Results for Package NBLDA

Last updated on 2020-03-28 20:46:39 CET.

Flavor Version Tinstall Tcheck Ttotal Status Flags
r-devel-linux-x86_64-debian-clang 0.99.0 WARN
r-devel-linux-x86_64-debian-gcc 0.99.0 5.26 36.41 41.67 OK
r-devel-linux-x86_64-fedora-clang 0.99.0 67.67 OK
r-devel-linux-x86_64-fedora-gcc 0.99.0 59.78 OK
r-devel-windows-ix86+x86_64 0.99.0 18.00 60.00 78.00 OK
r-devel-windows-ix86+x86_64-gcc8 0.99.0 16.00 59.00 75.00 OK
r-patched-linux-x86_64 0.99.0 6.01 45.28 51.29 OK
r-patched-solaris-x86 0.99.0 93.70 OK
r-release-linux-x86_64 0.99.0 5.27 41.26 46.53 OK
r-release-windows-ix86+x86_64 0.99.0 19.00 85.00 104.00 OK
r-release-osx-x86_64 0.99.0 ERROR
r-oldrel-windows-ix86+x86_64 0.99.0 14.00 90.00 104.00 OK
r-oldrel-osx-x86_64 0.99.0 ERROR

Check Details

Version: 0.99.0
Check: whether package can be installed
Result: WARN
    Found the following significant warnings:
     Warning: unable to re-encode 'normalize_counts.R' line 58
Flavor: r-devel-linux-x86_64-debian-clang

Version: 0.99.0
Check: package dependencies
Result: ERROR
    Package required but not available: ‘sSeq’
    
    See section ‘The DESCRIPTION file’ in the ‘Writing R Extensions’
    manual.
Flavors: r-release-osx-x86_64, r-oldrel-osx-x86_64