Last updated on 2021-01-18 23:49:39 CET.
Flavor | Version | Tinstall | Tcheck | Ttotal | Status | Flags |
---|---|---|---|---|---|---|
r-devel-linux-x86_64-debian-clang | 0.1.0 | 2.01 | 19.35 | 21.36 | OK | |
r-devel-linux-x86_64-debian-gcc | 0.1.0 | 1.75 | 15.75 | 17.50 | OK | |
r-devel-linux-x86_64-fedora-clang | 0.1.0 | 35.96 | NOTE | |||
r-devel-linux-x86_64-fedora-gcc | 0.1.0 | 25.87 | NOTE | |||
r-devel-windows-ix86+x86_64 | 0.1.0 | 5.00 | 27.00 | 32.00 | OK | |
r-patched-linux-x86_64 | 0.1.0 | 2.12 | 19.08 | 21.20 | OK | |
r-patched-solaris-x86 | 0.1.0 | 42.00 | NOTE | |||
r-release-linux-x86_64 | 0.1.0 | 1.97 | 19.16 | 21.13 | OK | |
r-release-macos-x86_64 | 0.1.0 | NOTE | ||||
r-release-windows-ix86+x86_64 | 0.1.0 | 6.00 | 26.00 | 32.00 | OK | |
r-oldrel-macos-x86_64 | 0.1.0 | NOTE | ||||
r-oldrel-windows-ix86+x86_64 | 0.1.0 | 3.00 | 26.00 | 29.00 | OK |
Version: 0.1.0
Check: dependencies in R code
Result: NOTE
Namespaces in Imports field not imported from:
‘caret’ ‘datasets’ ‘dplyr’ ‘e1071’ ‘rhandsontable’ ‘shiny’
All declared Imports should be used.
Flavors: r-devel-linux-x86_64-fedora-clang, r-devel-linux-x86_64-fedora-gcc, r-patched-solaris-x86, r-release-macos-x86_64, r-oldrel-macos-x86_64