CRAN Package Check Results for Package NBShiny2

Last updated on 2020-10-23 01:48:59 CEST.

Flavor Version Tinstall Tcheck Ttotal Status Flags
r-devel-linux-x86_64-debian-clang 0.1.0 2.10 18.42 20.52 OK
r-devel-linux-x86_64-debian-gcc 0.1.0 1.68 14.79 16.47 OK
r-devel-linux-x86_64-fedora-clang 0.1.0 35.61 NOTE
r-devel-linux-x86_64-fedora-gcc 0.1.0 25.09 NOTE
r-devel-windows-ix86+x86_64 0.1.0 7.00 34.00 41.00 OK
r-patched-linux-x86_64 0.1.0 1.97 17.77 19.74 OK
r-patched-solaris-x86 0.1.0 41.10 NOTE
r-release-linux-x86_64 0.1.0 2.20 17.62 19.82 OK
r-release-macos-x86_64 0.1.0 NOTE
r-release-windows-ix86+x86_64 0.1.0 15.00 33.00 48.00 OK
r-oldrel-macos-x86_64 0.1.0 NOTE
r-oldrel-windows-ix86+x86_64 0.1.0 4.00 34.00 38.00 OK

Check Details

Version: 0.1.0
Check: dependencies in R code
Result: NOTE
    Namespaces in Imports field not imported from:
     ‘caret’ ‘datasets’ ‘dplyr’ ‘e1071’ ‘rhandsontable’ ‘shiny’
     All declared Imports should be used.
Flavors: r-devel-linux-x86_64-fedora-clang, r-devel-linux-x86_64-fedora-gcc, r-patched-solaris-x86, r-release-macos-x86_64, r-oldrel-macos-x86_64