Last updated on 2023-06-09 10:04:18 CEST.
Flavor | Version | Tinstall | Tcheck | Ttotal | Status | Flags |
---|---|---|---|---|---|---|
r-devel-linux-x86_64-debian-clang | 1.0 | 24.21 | 235.73 | 259.94 | OK | |
r-devel-linux-x86_64-debian-gcc | 1.0 | 17.48 | 176.90 | 194.38 | OK | |
r-devel-linux-x86_64-fedora-clang | 1.0 | 317.93 | NOTE | |||
r-devel-linux-x86_64-fedora-gcc | 1.0 | 316.65 | NOTE | |||
r-devel-windows-x86_64 | 1.0 | 21.00 | 189.00 | 210.00 | OK | |
r-patched-linux-x86_64 | 1.0 | 24.41 | 223.88 | 248.29 | OK | |
r-release-linux-x86_64 | 1.0 | 19.23 | 220.96 | 240.19 | OK | |
r-release-macos-arm64 | 1.0 | 102.00 | OK | |||
r-release-macos-x86_64 | 1.0 | 169.00 | OK | |||
r-release-windows-x86_64 | 1.0 | 27.00 | 238.00 | 265.00 | OK | |
r-oldrel-macos-arm64 | 1.0 | 69.00 | OK | |||
r-oldrel-macos-x86_64 | 1.0 | 112.00 | OK | |||
r-oldrel-windows-x86_64 | 1.0 | 26.00 | 235.00 | 261.00 | OK |
Version: 1.0
Check: dependencies in R code
Result: NOTE
Namespace in Imports field not imported from: ‘magick’
All declared Imports should be used.
Flavors: r-devel-linux-x86_64-fedora-clang, r-devel-linux-x86_64-fedora-gcc