CRAN Package Check Results for Package NCmisc

Last updated on 2020-09-28 03:47:48 CEST.

Flavor Version Tinstall Tcheck Ttotal Status Flags
r-devel-linux-x86_64-debian-clang 1.1.6 5.89 57.45 63.34 OK
r-devel-linux-x86_64-debian-gcc 1.1.6 4.15 44.16 48.31 OK
r-devel-linux-x86_64-fedora-clang 1.1.6 82.28 NOTE
r-devel-linux-x86_64-fedora-gcc 1.1.6 73.02 OK
r-devel-windows-ix86+x86_64 1.1.6 10.00 86.00 96.00 OK
r-patched-linux-x86_64 1.1.6 4.44 55.63 60.07 OK
r-patched-solaris-x86 1.1.6 99.70 OK
r-release-linux-x86_64 1.1.6 4.78 55.91 60.69 OK
r-release-macos-x86_64 1.1.6 OK
r-release-windows-ix86+x86_64 1.1.6 17.00 84.00 101.00 OK
r-oldrel-macos-x86_64 1.1.6 OK
r-oldrel-windows-ix86+x86_64 1.1.6 8.00 84.00 92.00 OK

Check Details

Version: 1.1.6
Check: Rd cross-references
Result: NOTE
    Undeclared package ‘reader’ in Rd xrefs
Flavor: r-devel-linux-x86_64-fedora-clang