CRAN Package Check Results for Package NCmisc

Last updated on 2022-01-23 12:05:17 CET.

Flavor Version Tinstall Tcheck Ttotal Status Flags
r-devel-linux-x86_64-debian-clang 1.1.6 4.98 68.99 73.97 OK
r-devel-linux-x86_64-debian-gcc 1.1.6 3.94 56.63 60.57 OK
r-devel-linux-x86_64-fedora-clang 1.1.6 88.33 NOTE
r-devel-linux-x86_64-fedora-gcc 1.1.6 78.88 OK
r-devel-windows-x86_64-new-UL 1.1.6 33.00 102.00 135.00 OK
r-devel-windows-x86_64-new-TK 1.1.6 OK
r-patched-linux-x86_64 1.1.6 5.79 65.30 71.09 OK
r-release-linux-x86_64 1.1.6 3.92 65.67 69.59 OK
r-release-macos-arm64 1.1.6 OK
r-release-macos-x86_64 1.1.6 OK
r-release-windows-ix86+x86_64 1.1.6 9.00 92.00 101.00 OK
r-oldrel-macos-x86_64 1.1.6 OK
r-oldrel-windows-ix86+x86_64 1.1.6 9.00 91.00 100.00 OK

Check Details

Version: 1.1.6
Check: Rd cross-references
Result: NOTE
    Undeclared package ‘reader’ in Rd xrefs
Flavor: r-devel-linux-x86_64-fedora-clang