CRAN Package Check Results for Package NEONiso

Last updated on 2021-10-23 05:02:42 CEST.

Flavor Version Tinstall Tcheck Ttotal Status Flags
r-devel-linux-x86_64-debian-clang 0.5.1 10.57 136.88 147.45 OK
r-devel-linux-x86_64-debian-gcc 0.5.1 8.51 99.47 107.98 OK
r-devel-linux-x86_64-fedora-clang 0.5.1 179.60 OK
r-devel-linux-x86_64-fedora-gcc 0.5.1 162.96 OK
r-devel-windows-x86_64 0.5.1 16.00 188.00 204.00 OK
r-devel-windows-x86_64-gcc10-UCRT 0.5.1 OK
r-patched-linux-x86_64 0.5.1 10.46 128.49 138.95 OK
r-patched-solaris-x86 0.5.1 224.50 OK
r-release-linux-x86_64 0.5.1 10.29 125.59 135.88 OK
r-release-macos-arm64 0.5.1 OK
r-release-macos-x86_64 0.5.1 OK
r-release-windows-ix86+x86_64 0.5.1 16.00 181.00 197.00 OK
r-oldrel-macos-x86_64 0.5.1 ERROR
r-oldrel-windows-ix86+x86_64 0.5.1 22.00 185.00 207.00 OK

Check Details

Version: 0.5.1
Check: package dependencies
Result: ERROR
    Package required and available but unsuitable version: ‘rhdf5’
    
    See section ‘The DESCRIPTION file’ in the ‘Writing R Extensions’
    manual.
Flavor: r-oldrel-macos-x86_64