CRAN Package Check Results for Package NIMAA

Last updated on 2021-10-24 02:48:38 CEST.

Flavor Version Tinstall Tcheck Ttotal Status Flags
r-devel-linux-x86_64-debian-clang 0.1.0 20.98 291.00 311.98 OK
r-devel-linux-x86_64-debian-gcc 0.1.0 18.66 219.51 238.17 OK
r-devel-linux-x86_64-fedora-clang 0.1.0 397.14 NOTE
r-devel-linux-x86_64-fedora-gcc 0.1.0 374.35 NOTE
r-devel-windows-x86_64 0.1.0 34.00 353.00 387.00 OK
r-devel-windows-x86_64-gcc10-UCRT 0.1.0 NOTE
r-patched-linux-x86_64 0.1.0 26.77 282.52 309.29 OK
r-patched-solaris-x86 0.1.0 419.40 NOTE
r-release-linux-x86_64 0.1.0 22.13 281.26 303.39 OK
r-release-macos-arm64 0.1.0 NOTE
r-release-macos-x86_64 0.1.0 NOTE
r-release-windows-ix86+x86_64 0.1.0 36.00 310.00 346.00 OK
r-oldrel-macos-x86_64 0.1.0 NOTE
r-oldrel-windows-ix86+x86_64 0.1.0 55.00 346.00 401.00 OK

Check Details

Version: 0.1.0
Check: data for non-ASCII characters
Result: NOTE
     Note: found 24 marked UTF-8 strings
Flavors: r-devel-linux-x86_64-fedora-clang, r-devel-linux-x86_64-fedora-gcc, r-devel-windows-x86_64-gcc10-UCRT, r-patched-solaris-x86, r-release-macos-arm64, r-release-macos-x86_64, r-oldrel-macos-x86_64