CRAN Package Check Results for Package NLP

Last updated on 2022-01-20 12:52:23 CET.

Flavor Version Tinstall Tcheck Ttotal Status Flags
r-devel-linux-x86_64-debian-clang 0.2-1 OK
r-devel-linux-x86_64-debian-gcc 0.2-1 3.86 33.38 37.24 OK
r-devel-linux-x86_64-fedora-clang 0.2-1 62.81 NOTE
r-devel-linux-x86_64-fedora-gcc 0.2-1 50.25 OK
r-devel-windows-x86_64-new-UL 0.2-1 61.00 66.00 127.00 OK
r-devel-windows-x86_64-new-TK 0.2-1 OK
r-patched-linux-x86_64 0.2-1 4.89 41.28 46.17 OK
r-release-linux-x86_64 0.2-1 3.58 41.54 45.12 OK
r-release-macos-arm64 0.2-1 OK
r-release-macos-x86_64 0.2-1 OK
r-release-windows-ix86+x86_64 0.2-1 8.00 50.00 58.00 OK
r-oldrel-macos-x86_64 0.2-1 OK
r-oldrel-windows-ix86+x86_64 0.2-1 6.00 46.00 52.00 OK

Check Details

Version: 0.2-1
Check: Rd cross-references
Result: NOTE
    Undeclared package ‘tm’ in Rd xrefs
Flavor: r-devel-linux-x86_64-fedora-clang