Last updated on 2023-12-06 00:00:23 CET.
Flavor | Version | Tinstall | Tcheck | Ttotal | Status | Flags |
---|---|---|---|---|---|---|
r-devel-linux-x86_64-debian-clang | 0.1.0 | 11.03 | 66.64 | 77.67 | NOTE | |
r-devel-linux-x86_64-debian-gcc | 0.1.0 | 7.23 | 49.01 | 56.24 | NOTE | |
r-devel-linux-x86_64-fedora-clang | 0.1.0 | 92.82 | OK | |||
r-devel-linux-x86_64-fedora-gcc | 0.1.0 | 87.08 | OK | |||
r-devel-windows-x86_64 | 0.1.0 | 9.00 | 70.00 | 79.00 | OK | |
r-patched-linux-x86_64 | 0.1.0 | 5.53 | 61.51 | 67.04 | OK | |
r-release-linux-x86_64 | 0.1.0 | 5.62 | 61.15 | 66.77 | OK | |
r-release-macos-arm64 | 0.1.0 | 32.00 | OK | |||
r-release-macos-x86_64 | 0.1.0 | 45.00 | OK | |||
r-release-windows-x86_64 | 0.1.0 | 12.00 | 79.00 | 91.00 | OK | |
r-oldrel-macos-arm64 | 0.1.0 | 30.00 | OK | |||
r-oldrel-macos-x86_64 | 0.1.0 | 40.00 | OK | |||
r-oldrel-windows-x86_64 | 0.1.0 | 12.00 | 78.00 | 90.00 | OK |
Version: 0.1.0
Check: Rd files
Result: NOTE
checkRd: (-1) geninvitro.Rd:10: Lost braces in \itemize; meant \describe ?
checkRd: (-1) geninvitro.Rd:11: Lost braces in \itemize; meant \describe ?
checkRd: (-1) geninvitro.Rd:12: Lost braces in \itemize; meant \describe ?
checkRd: (-1) geninvitro.Rd:13: Lost braces in \itemize; meant \describe ?
checkRd: (-1) geninvitro.Rd:14: Lost braces in \itemize; meant \describe ?
checkRd: (-1) geninvitro.Rd:15: Lost braces in \itemize; meant \describe ?
checkRd: (-1) geninvitro.Rd:16: Lost braces in \itemize; meant \describe ?
checkRd: (-1) geninvitro.Rd:17: Lost braces in \itemize; meant \describe ?
checkRd: (-1) geninvitro.Rd:18: Lost braces in \itemize; meant \describe ?
checkRd: (-1) geninvitro.Rd:19: Lost braces in \itemize; meant \describe ?
checkRd: (-1) geninvitro.Rd:20: Lost braces in \itemize; meant \describe ?
checkRd: (-1) geninvitro.Rd:21: Lost braces in \itemize; meant \describe ?
checkRd: (-1) geninvitro.Rd:22: Lost braces in \itemize; meant \describe ?
checkRd: (-1) geninvitro.Rd:23-24: Lost braces in \itemize; meant \describe ?
checkRd: (-1) geninvitro.Rd:25: Lost braces in \itemize; meant \describe ?
checkRd: (-1) geninvitro.Rd:26-27: Lost braces in \itemize; meant \describe ?
checkRd: (-1) geninvitro.Rd:28-29: Lost braces in \itemize; meant \describe ?
checkRd: (-1) nm400.Rd:10: Lost braces in \itemize; meant \describe ?
checkRd: (-1) nm400.Rd:11: Lost braces in \itemize; meant \describe ?
checkRd: (-1) nm400.Rd:12: Lost braces in \itemize; meant \describe ?
checkRd: (-1) nm400.Rd:13: Lost braces in \itemize; meant \describe ?
checkRd: (-1) nm400.Rd:14: Lost braces in \itemize; meant \describe ?
checkRd: (-1) nm400.Rd:15: Lost braces in \itemize; meant \describe ?
checkRd: (-1) nm400.Rd:16: Lost braces in \itemize; meant \describe ?
checkRd: (-1) nm400.Rd:17: Lost braces in \itemize; meant \describe ?
checkRd: (-1) nm400.Rd:18: Lost braces in \itemize; meant \describe ?
checkRd: (-1) nm400.Rd:19: Lost braces in \itemize; meant \describe ?
checkRd: (-1) nm400.Rd:20: Lost braces in \itemize; meant \describe ?
checkRd: (-1) nm400.Rd:21: Lost braces in \itemize; meant \describe ?
checkRd: (-1) nm400.Rd:22: Lost braces in \itemize; meant \describe ?
checkRd: (-1) nm400.Rd:23-24: Lost braces in \itemize; meant \describe ?
checkRd: (-1) nm400.Rd:25: Lost braces in \itemize; meant \describe ?
checkRd: (-1) nm400.Rd:26-27: Lost braces in \itemize; meant \describe ?
checkRd: (-1) nm400.Rd:28-29: Lost braces in \itemize; meant \describe ?
Flavors: r-devel-linux-x86_64-debian-clang, r-devel-linux-x86_64-debian-gcc