Last updated on 2023-09-24 15:56:57 CEST.
Flavor | Version | Tinstall | Tcheck | Ttotal | Status | Flags |
---|---|---|---|---|---|---|
r-devel-linux-x86_64-debian-clang | 10.1 | 68.19 | 350.56 | 418.75 | NOTE | |
r-devel-linux-x86_64-debian-gcc | 10.1 | 48.66 | 245.34 | 294.00 | NOTE | |
r-devel-linux-x86_64-fedora-clang | 10.1 | 521.65 | NOTE | |||
r-devel-linux-x86_64-fedora-gcc | 10.1 | 529.96 | NOTE | |||
r-devel-windows-x86_64 | 10.1 | 64.00 | 269.00 | 333.00 | NOTE | |
r-patched-linux-x86_64 | 10.1 | 57.85 | 314.79 | 372.64 | NOTE | |
r-release-linux-x86_64 | 10.1 | 53.81 | 316.21 | 370.02 | NOTE | |
r-release-macos-arm64 | 10.1 | 146.00 | NOTE | |||
r-release-macos-x86_64 | 10.1 | 226.00 | NOTE | |||
r-release-windows-x86_64 | 10.1 | 81.00 | 341.00 | 422.00 | NOTE | |
r-oldrel-macos-arm64 | 10.1 | 123.00 | NOTE | |||
r-oldrel-macos-x86_64 | 10.1 | 167.00 | NOTE | |||
r-oldrel-windows-x86_64 | 10.1 | 75.00 | 320.00 | 395.00 | NOTE |
Version: 10.1
Check: for GNU extensions in Makefiles
Result: NOTE
GNU make is a SystemRequirements.
Flavors: r-devel-linux-x86_64-debian-clang, r-devel-linux-x86_64-debian-gcc, r-devel-linux-x86_64-fedora-clang, r-devel-linux-x86_64-fedora-gcc, r-devel-windows-x86_64, r-patched-linux-x86_64, r-release-linux-x86_64, r-release-macos-arm64, r-release-macos-x86_64, r-release-windows-x86_64, r-oldrel-macos-arm64, r-oldrel-macos-x86_64, r-oldrel-windows-x86_64