CRAN Package Check Results for Package NORMT3

Last updated on 2019-04-21 20:48:27 CEST.

Flavor Version Tinstall Tcheck Ttotal Status Flags
r-devel-linux-x86_64-debian-clang 1.0-3 2.22 17.60 19.82 OK
r-devel-linux-x86_64-debian-gcc 1.0-3 1.93 14.45 16.38 OK
r-devel-linux-x86_64-fedora-clang 1.0-3 23.98 NOTE
r-devel-linux-x86_64-fedora-gcc 1.0-3 23.08 NOTE
r-devel-windows-ix86+x86_64 1.0-3 11.00 45.00 56.00 OK
r-patched-linux-x86_64 1.0-3 2.14 17.47 19.61 OK
r-patched-solaris-x86 1.0-3 38.40 OK
r-release-linux-x86_64 1.0-3 1.36 16.41 17.77 OK
r-release-windows-ix86+x86_64 1.0-3 6.00 31.00 37.00 OK
r-release-osx-x86_64 1.0-3 OK
r-oldrel-windows-ix86+x86_64 1.0-3 7.00 31.00 38.00 OK
r-oldrel-osx-x86_64 1.0-3 OK

Check Details

Version: 1.0-3
Check: compiled code
Result: NOTE
    File ‘NORMT3/libs/NORMT3.so’:
     Found no calls to: ‘R_registerRoutines’, ‘R_useDynamicSymbols’
    
    It is good practice to register native routines and to disable symbol
    search.
    
    See ‘Writing portable packages’ in the ‘Writing R Extensions’ manual.
Flavors: r-devel-linux-x86_64-fedora-clang, r-devel-linux-x86_64-fedora-gcc