CRAN Package Check Results for Package NPCirc

Last updated on 2019-11-12 03:49:09 CET.

Flavor Version Tinstall Tcheck Ttotal Status Flags
r-devel-linux-x86_64-debian-clang 2.0.1 6.77 56.23 63.00 NOTE
r-devel-linux-x86_64-debian-gcc 2.0.1 5.57 43.52 49.09 NOTE
r-devel-linux-x86_64-fedora-clang 2.0.1 75.19 NOTE
r-devel-linux-x86_64-fedora-gcc 2.0.1 74.38 NOTE
r-devel-windows-ix86+x86_64 2.0.1 17.00 78.00 95.00 NOTE
r-patched-linux-x86_64 2.0.1 5.80 53.21 59.01 NOTE
r-patched-solaris-x86 2.0.1 114.40 NOTE
r-release-linux-x86_64 2.0.1 6.68 53.98 60.66 NOTE
r-release-windows-ix86+x86_64 2.0.1 30.00 77.00 107.00 NOTE
r-release-osx-x86_64 2.0.1 WARN
r-oldrel-windows-ix86+x86_64 2.0.1 11.00 97.00 108.00 NOTE
r-oldrel-osx-x86_64 2.0.1 NOTE

Check Details

Version: 2.0.1
Check: R code for possible problems
Result: NOTE
    RegLinCirc: no visible global function definition for 'dnorm'
    bw.CV: no visible global function definition for 'optimize'
    bw.boot: no visible global function definition for 'optimize'
    bw.pi: no visible global function definition for 'optimize'
    bw.reg.circ.circ: no visible global function definition for 'optimize'
    bw.reg.circ.lin: no visible global function definition for 'optimize'
    bw.reg.lin.circ: no visible global function definition for 'optimize'
    bw.rt: no visible global function definition for 'uniroot'
    circsizer.density : <anonymous>: no visible global function definition
     for 'quantile'
    circsizer.map: no visible global function definition for 'text'
    circsizer.map: no visible global function definition for 'par'
    circsizer.map: no visible global function definition for
     'points.default'
    circsizer.map: no visible global function definition for 'segments'
    circsizer.map: no visible global function definition for 'hist.default'
    circsizer.regression : <anonymous>: no visible global function
     definition for 'quantile'
    dwsn: no visible global function definition for 'dnorm'
    dwsn: no visible global function definition for 'pnorm'
    lines.regression.circular: no visible global function definition for
     'lines.default'
    lines.regression.circular: no visible global function definition for
     'points'
    plot.regression.circular: no visible global function definition for
     'plot.default'
    plot.regression.circular: no visible global function definition for
     'points'
    plot.regression.circular: no visible binding for global variable 'dist'
    rcircmix: no visible global function definition for 'runif'
    rwsn: no visible global function definition for 'rnorm'
    Undefined global functions or variables:
     dist dnorm hist.default lines.default optimize par plot.default pnorm
     points points.default quantile rnorm runif segments text uniroot
    Consider adding
     importFrom("graphics", "hist.default", "lines.default", "par",
     "plot.default", "points", "points.default", "segments",
     "text")
     importFrom("stats", "dist", "dnorm", "optimize", "pnorm", "quantile",
     "rnorm", "runif", "uniroot")
    to your NAMESPACE file.
Flavors: r-devel-linux-x86_64-debian-clang, r-devel-linux-x86_64-debian-gcc, r-devel-linux-x86_64-fedora-clang, r-devel-linux-x86_64-fedora-gcc, r-devel-windows-ix86+x86_64, r-patched-linux-x86_64, r-patched-solaris-x86, r-release-linux-x86_64, r-release-windows-ix86+x86_64, r-release-osx-x86_64, r-oldrel-windows-ix86+x86_64, r-oldrel-osx-x86_64

Version: 2.0.1
Check: whether package can be installed
Result: WARN
    Found the following significant warnings:
     Warning: 'rgl_init' failed, running with rgl.useNULL = TRUE
Flavor: r-release-osx-x86_64