CRAN Package Check Results for Package NSAE

Last updated on 2024-07-20 04:48:38 CEST.

Flavor Version Tinstall Tcheck Ttotal Status Flags
r-devel-linux-x86_64-debian-clang 0.4.0 14.01 115.94 129.95 NOTE
r-devel-linux-x86_64-debian-gcc 0.4.0 8.22 88.48 96.70 NOTE
r-devel-linux-x86_64-fedora-clang 0.4.0 163.35 NOTE
r-devel-linux-x86_64-fedora-gcc 0.4.0 155.81 NOTE
r-devel-windows-x86_64 0.4.0 12.00 103.00 115.00 NOTE
r-patched-linux-x86_64 0.4.0 11.89 112.98 124.87 NOTE
r-release-linux-x86_64 0.4.0 12.48 115.16 127.64 NOTE
r-release-macos-arm64 0.4.0 45.00 NOTE
r-release-macos-x86_64 0.4.0 69.00 NOTE
r-release-windows-x86_64 0.4.0 11.00 103.00 114.00 NOTE
r-oldrel-macos-arm64 0.4.0 49.00 OK
r-oldrel-macos-x86_64 0.4.0 85.00 OK
r-oldrel-windows-x86_64 0.4.0 15.00 121.00 136.00 OK

Check Details

Version: 0.4.0
Check: Rd files
Result: NOTE checkRd: (-1) NSAE.Rd:14: Lost braces; missing escapes or markup? 14 | {Maintainer}: Saurav Guha \email{saurav.iasri@gmail.com} | ^ Flavors: r-devel-linux-x86_64-debian-clang, r-devel-linux-x86_64-debian-gcc, r-devel-linux-x86_64-fedora-clang, r-devel-linux-x86_64-fedora-gcc, r-devel-windows-x86_64, r-patched-linux-x86_64, r-release-linux-x86_64, r-release-macos-arm64, r-release-macos-x86_64, r-release-windows-x86_64