Last updated on 2021-04-16 13:50:29 CEST.
Flavor | Version | Tinstall | Tcheck | Ttotal | Status | Flags |
---|---|---|---|---|---|---|
r-devel-linux-x86_64-debian-clang | 1.2.0 | 2.06 | 24.21 | 26.27 | OK | |
r-devel-linux-x86_64-debian-gcc | 1.2.0 | 1.68 | 19.18 | 20.86 | OK | |
r-devel-linux-x86_64-fedora-clang | 1.2.0 | 43.16 | OK | |||
r-devel-linux-x86_64-fedora-gcc | 1.2.0 | 32.68 | OK | |||
r-devel-windows-ix86+x86_64 | 1.2.0 | 5.00 | 52.00 | 57.00 | OK | |
r-devel-windows-x86_64-gcc10-UCRT | 1.2.0 | ERROR | ||||
r-patched-linux-x86_64 | 1.1.0 | 2.13 | 22.76 | 24.89 | OK | |
r-patched-solaris-x86 | 1.2.0 | 43.10 | OK | |||
r-release-linux-x86_64 | 1.2.0 | 2.14 | 23.62 | 25.76 | OK | |
r-release-macos-x86_64 | 1.2.0 | OK | ||||
r-release-windows-ix86+x86_64 | 1.2.0 | 5.00 | 48.00 | 53.00 | OK | |
r-oldrel-macos-x86_64 | 1.2.0 | OK | ||||
r-oldrel-windows-ix86+x86_64 | 1.2.0 | 4.00 | 44.00 | 48.00 | OK |
Version: 1.2.0
Check: examples
Result: ERROR
Running examples in 'NSO1212-Ex.R' failed
g for missing documentation entries ... OK
Flavor: r-devel-windows-x86_64-gcc10-UCRT