CRAN Package Check Results for Package NTS

Last updated on 2020-10-29 11:50:05 CET.

Flavor Version Tinstall Tcheck Ttotal Status Flags
r-devel-linux-x86_64-debian-clang 1.1.2 11.98 87.99 99.97 OK
r-devel-linux-x86_64-debian-gcc 1.1.2 9.02 64.56 73.58 OK
r-devel-linux-x86_64-fedora-clang 1.1.2 124.34 NOTE
r-devel-linux-x86_64-fedora-gcc 1.1.2 121.86 NOTE
r-devel-windows-ix86+x86_64 1.1.2 20.00 108.00 128.00 OK
r-patched-linux-x86_64 1.1.2 10.22 82.22 92.44 OK
r-patched-solaris-x86 1.1.2 171.80 NOTE
r-release-linux-x86_64 1.1.2 9.93 81.81 91.74 OK
r-release-macos-x86_64 1.1.2 NOTE
r-release-windows-ix86+x86_64 1.1.2 14.00 95.00 109.00 OK
r-oldrel-macos-x86_64 1.1.2 NOTE
r-oldrel-windows-ix86+x86_64 1.1.2 17.00 102.00 119.00 OK

Check Details

Version: 1.1.2
Check: dependencies in R code
Result: NOTE
    Namespaces in Imports field not imported from:
     ‘MASS’ ‘Rdpack’ ‘base’ ‘graphics’ ‘parallel’
     All declared Imports should be used.
Flavors: r-devel-linux-x86_64-fedora-clang, r-devel-linux-x86_64-fedora-gcc, r-patched-solaris-x86, r-release-macos-x86_64, r-oldrel-macos-x86_64