CRAN Package Check Results for Package NUCOMBog

Last updated on 2022-06-28 20:52:21 CEST.

Flavor Version Tinstall Tcheck Ttotal Status Flags
r-devel-linux-x86_64-debian-clang 1.0.4.2 2.52 29.93 32.45 NOTE
r-devel-linux-x86_64-debian-gcc 1.0.4.2 2.03 23.91 25.94 NOTE
r-devel-linux-x86_64-fedora-clang 1.0.4.2 52.50 NOTE
r-devel-linux-x86_64-fedora-gcc 1.0.4.2 52.30 NOTE
r-devel-windows-x86_64 1.0.4.2 27.00 80.00 107.00 NOTE
r-patched-linux-x86_64 1.0.4.2 2.27 29.43 31.70 NOTE
r-release-linux-x86_64 1.0.4.2 2.27 29.22 31.49 NOTE
r-release-macos-arm64 1.0.4.2 23.00 NOTE
r-release-macos-x86_64 1.0.4.2 28.00 NOTE
r-release-windows-x86_64 1.0.4.2 26.00 78.00 104.00 NOTE
r-oldrel-macos-arm64 1.0.4.2 29.00 NOTE
r-oldrel-macos-x86_64 1.0.4.2 37.00 NOTE
r-oldrel-windows-ix86+x86_64 1.0.4.2 7.00 62.00 69.00 NOTE

Check Details

Version: 1.0.4.2
Check: LazyData
Result: NOTE
     'LazyData' is specified without a 'data' directory
Flavors: r-devel-linux-x86_64-debian-clang, r-devel-linux-x86_64-debian-gcc, r-devel-linux-x86_64-fedora-clang, r-devel-linux-x86_64-fedora-gcc, r-devel-windows-x86_64, r-patched-linux-x86_64, r-release-linux-x86_64, r-release-macos-arm64, r-release-macos-x86_64, r-release-windows-x86_64, r-oldrel-macos-arm64, r-oldrel-macos-x86_64, r-oldrel-windows-ix86+x86_64