CRAN Package Check Results for Package NanoStringNorm

Last updated on 2020-10-28 12:48:06 CET.

Flavor Version Tinstall Tcheck Ttotal Status Flags
r-devel-linux-x86_64-debian-clang 1.2.1.1 10.70 111.90 122.60 NOTE
r-devel-linux-x86_64-debian-gcc 1.2.1.1 10.46 83.85 94.31 NOTE
r-devel-linux-x86_64-fedora-clang 1.2.1.1 159.02 NOTE
r-devel-linux-x86_64-fedora-gcc 1.2.1.1 160.38 NOTE
r-devel-windows-ix86+x86_64 1.2.1.1 28.00 140.00 168.00 WARN
r-patched-linux-x86_64 1.2.1.1 NOTE
r-patched-solaris-x86 1.2.1.1 194.50 NOTE
r-release-linux-x86_64 1.2.1.1 10.76 103.59 114.35 NOTE
r-release-macos-x86_64 1.2.1.1 OK
r-release-windows-ix86+x86_64 1.2.1.1 21.00 104.00 125.00 WARN
r-oldrel-macos-x86_64 1.2.1.1 OK
r-oldrel-windows-ix86+x86_64 1.2.1.1 46.00 139.00 185.00 WARN

Check Details

Version: 1.2.1.1
Check: for non-standard things in the check directory
Result: NOTE
    Found the following files/directories:
     'NanoStringNorm_Example_Plots_All.pdf'
     'NanoStringNorm_Interactive_Plot'
Flavors: r-devel-linux-x86_64-debian-clang, r-devel-linux-x86_64-debian-gcc, r-devel-linux-x86_64-fedora-clang, r-devel-linux-x86_64-fedora-gcc, r-patched-linux-x86_64, r-patched-solaris-x86, r-release-linux-x86_64

Version: 1.2.1.1
Check: whether package can be installed
Result: WARN
    Found the following significant warnings:
     Warning: namespace 'Rcpp' is not available and has been replaced
Flavors: r-devel-windows-ix86+x86_64, r-release-windows-ix86+x86_64, r-oldrel-windows-ix86+x86_64