CRAN Package Check Results for Package NanoStringNorm

Last updated on 2019-10-16 18:49:03 CEST.

Flavor Version Tinstall Tcheck Ttotal Status Flags
r-devel-linux-x86_64-debian-clang 1.2.1 10.38 98.77 109.15 NOTE
r-devel-linux-x86_64-debian-gcc 1.2.1 9.18 75.74 84.92 NOTE
r-devel-linux-x86_64-fedora-clang 1.2.1 137.25 NOTE
r-devel-linux-x86_64-fedora-gcc 1.2.1 130.19 NOTE
r-devel-windows-ix86+x86_64 1.2.1 38.00 111.00 149.00 OK
r-patched-linux-x86_64 1.2.1 10.27 93.94 104.21 OK
r-patched-solaris-x86 1.2.1 170.20 OK
r-release-linux-x86_64 1.2.1 8.84 95.01 103.85 OK
r-release-windows-ix86+x86_64 1.2.1 22.00 116.00 138.00 OK
r-release-osx-x86_64 1.2.1 OK
r-oldrel-windows-ix86+x86_64 1.2.1 15.00 114.00 129.00 OK
r-oldrel-osx-x86_64 1.2.1 OK

Check Details

Version: 1.2.1
Check: for non-standard things in the check directory
Result: NOTE
    Found the following files/directories:
     'NanoStringNorm_Example_Plots_All.pdf'
     'NanoStringNorm_Interactive_Plot'
Flavors: r-devel-linux-x86_64-debian-clang, r-devel-linux-x86_64-debian-gcc, r-devel-linux-x86_64-fedora-clang, r-devel-linux-x86_64-fedora-gcc