CRAN Package Check Results for Package NanoStringNorm

Last updated on 2019-07-19 12:55:27 CEST.

Flavor Version Tinstall Tcheck Ttotal Status Flags
r-devel-linux-x86_64-debian-clang 1.2.1 11.53 99.02 110.55 NOTE
r-devel-linux-x86_64-debian-gcc 1.2.1 9.29 76.87 86.16 NOTE
r-devel-linux-x86_64-fedora-clang 1.2.1 134.05 NOTE
r-devel-linux-x86_64-fedora-gcc 1.2.1 123.43 NOTE
r-devel-windows-ix86+x86_64 1.2.1 27.00 148.00 175.00 OK
r-patched-linux-x86_64 1.2.1 10.31 96.23 106.54 OK
r-patched-solaris-x86 1.2.1 175.10 OK
r-release-linux-x86_64 1.2.1 10.61 97.14 107.75 OK
r-release-windows-ix86+x86_64 1.2.1 21.00 112.00 133.00 OK
r-release-osx-x86_64 1.2.1 ERROR
r-oldrel-windows-ix86+x86_64 1.2.1 15.00 154.00 169.00 OK
r-oldrel-osx-x86_64 1.2.1 OK

Check Details

Version: 1.2.1
Check: for non-standard things in the check directory
Result: NOTE
    Found the following files/directories:
     'NanoStringNorm_Example_Plots_All.pdf'
     'NanoStringNorm_Interactive_Plot'
Flavors: r-devel-linux-x86_64-debian-clang, r-devel-linux-x86_64-debian-gcc, r-devel-linux-x86_64-fedora-clang, r-devel-linux-x86_64-fedora-gcc

Version: 1.2.1
Check: package dependencies
Result: ERROR
    Package required but not available: ‘vsn’
    
    See section ‘The DESCRIPTION file’ in the ‘Writing R Extensions’
    manual.
Flavor: r-release-osx-x86_64