CRAN Package Check Results for Package NatureSounds

Last updated on 2021-10-24 22:50:28 CEST.

Flavor Version Tinstall Tcheck Ttotal Status Flags
r-devel-linux-x86_64-debian-clang 1.0.4 4.92 25.09 30.01 OK
r-devel-linux-x86_64-debian-gcc 1.0.4 3.94 19.77 23.71 OK
r-devel-linux-x86_64-fedora-clang 1.0.4 49.62 NOTE
r-devel-linux-x86_64-fedora-gcc 1.0.4 36.29 NOTE
r-devel-windows-x86_64 1.0.4 8.00 49.00 57.00 NOTE
r-devel-windows-x86_64-gcc10-UCRT 1.0.4 NOTE
r-patched-linux-x86_64 1.0.4 4.62 24.14 28.76 OK
r-patched-solaris-x86 1.0.4 56.00 NOTE
r-release-linux-x86_64 1.0.4 4.76 23.79 28.55 OK
r-release-macos-arm64 1.0.4 NOTE
r-release-macos-x86_64 1.0.4 NOTE
r-release-windows-ix86+x86_64 1.0.4 8.00 44.00 52.00 NOTE
r-oldrel-macos-x86_64 1.0.4 NOTE
r-oldrel-windows-ix86+x86_64 1.0.4 9.00 43.00 52.00 NOTE

Check Details

Version: 1.0.4
Check: installed package size
Result: NOTE
     installed size is 5.8Mb
     sub-directories of 1Mb or more:
     data 4.0Mb
     doc 1.7Mb
Flavors: r-devel-linux-x86_64-fedora-clang, r-devel-windows-x86_64, r-patched-solaris-x86, r-release-macos-arm64, r-release-macos-x86_64, r-release-windows-ix86+x86_64, r-oldrel-macos-x86_64, r-oldrel-windows-ix86+x86_64

Version: 1.0.4
Check: dependencies in R code
Result: NOTE
    Namespace in Imports field not imported from: ‘tuneR’
     All declared Imports should be used.
Flavors: r-devel-linux-x86_64-fedora-clang, r-devel-linux-x86_64-fedora-gcc, r-devel-windows-x86_64-gcc10-UCRT, r-patched-solaris-x86, r-release-macos-arm64, r-release-macos-x86_64, r-oldrel-macos-x86_64