CRAN Package Check Results for Package NatureSounds

Last updated on 2020-08-15 21:47:57 CEST.

Flavor Version Tinstall Tcheck Ttotal Status Flags
r-devel-linux-x86_64-debian-clang 1.0.3 5.31 25.30 30.61 OK
r-devel-linux-x86_64-debian-gcc 1.0.3 5.07 20.61 25.68 OK
r-devel-linux-x86_64-fedora-clang 1.0.3 46.86 NOTE
r-devel-linux-x86_64-fedora-gcc 1.0.3 37.99 NOTE
r-devel-windows-ix86+x86_64 1.0.3 15.00 53.00 68.00 NOTE
r-patched-linux-x86_64 1.0.3 5.93 25.96 31.89 OK
r-patched-solaris-x86 1.0.3 61.60 NOTE
r-release-linux-x86_64 1.0.3 5.22 25.59 30.81 OK
r-release-macos-x86_64 1.0.3 NOTE
r-release-windows-ix86+x86_64 1.0.3 12.00 40.00 52.00 NOTE
r-oldrel-macos-x86_64 1.0.3 NOTE
r-oldrel-windows-ix86+x86_64 1.0.3 8.00 39.00 47.00 NOTE

Check Details

Version: 1.0.3
Check: installed package size
Result: NOTE
     installed size is 5.9Mb
     sub-directories of 1Mb or more:
     data 4.0Mb
     doc 1.9Mb
Flavors: r-devel-linux-x86_64-fedora-clang, r-devel-windows-ix86+x86_64, r-patched-solaris-x86, r-release-macos-x86_64, r-release-windows-ix86+x86_64, r-oldrel-macos-x86_64, r-oldrel-windows-ix86+x86_64

Version: 1.0.3
Check: dependencies in R code
Result: NOTE
    Namespace in Imports field not imported from: ‘tuneR’
     All declared Imports should be used.
Flavors: r-devel-linux-x86_64-fedora-clang, r-devel-linux-x86_64-fedora-gcc, r-patched-solaris-x86, r-release-macos-x86_64, r-oldrel-macos-x86_64