CRAN Package Check Results for Package NestedCategBayesImpute

Last updated on 2022-10-02 23:51:33 CEST.

Flavor Version Tinstall Tcheck Ttotal Status Flags
r-devel-linux-x86_64-debian-clang 1.2.1 158.69 61.33 220.02 NOTE
r-devel-linux-x86_64-debian-gcc 1.2.1 122.22 44.89 167.11 NOTE
r-devel-linux-x86_64-fedora-clang 1.2.1 353.35 NOTE
r-devel-linux-x86_64-fedora-gcc 1.2.1 289.24 NOTE
r-devel-windows-x86_64 1.2.1 383.00 108.00 491.00 NOTE
r-patched-linux-x86_64 1.2.1 133.08 58.47 191.55 NOTE
r-release-linux-x86_64 1.2.1 133.70 59.00 192.70 NOTE
r-release-macos-arm64 1.2.1 72.00 NOTE
r-release-macos-x86_64 1.2.1 132.00 NOTE
r-release-windows-x86_64 1.2.1 598.00 112.00 710.00 NOTE
r-oldrel-macos-arm64 1.2.1 89.00 NOTE
r-oldrel-macos-x86_64 1.2.1 153.00 NOTE
r-oldrel-windows-ix86+x86_64 1.2.1 388.00 110.00 498.00 WARN

Check Details

Version: 1.2.1
Check: LazyData
Result: NOTE
     'LazyData' is specified without a 'data' directory
Flavors: r-devel-linux-x86_64-debian-clang, r-devel-linux-x86_64-debian-gcc, r-devel-linux-x86_64-fedora-clang, r-devel-linux-x86_64-fedora-gcc, r-devel-windows-x86_64, r-patched-linux-x86_64, r-release-linux-x86_64, r-release-macos-arm64, r-release-macos-x86_64, r-release-windows-x86_64, r-oldrel-macos-arm64, r-oldrel-macos-x86_64, r-oldrel-windows-ix86+x86_64

Version: 1.2.1
Check: for GNU extensions in Makefiles
Result: NOTE
    GNU make is a SystemRequirements.
Flavors: r-devel-linux-x86_64-debian-clang, r-devel-linux-x86_64-debian-gcc, r-devel-linux-x86_64-fedora-clang, r-devel-linux-x86_64-fedora-gcc, r-devel-windows-x86_64, r-patched-linux-x86_64, r-release-linux-x86_64, r-release-macos-arm64, r-release-macos-x86_64, r-release-windows-x86_64, r-oldrel-macos-arm64, r-oldrel-macos-x86_64, r-oldrel-windows-ix86+x86_64

Version: 1.2.1
Check: installed package size
Result: NOTE
     installed size is 5.6Mb
     sub-directories of 1Mb or more:
     libs 4.9Mb
Flavor: r-oldrel-macos-arm64

Version: 1.2.1
Check: whether package can be installed
Result: WARN
    Found the following significant warnings:
     generateData.cpp:105:18: warning: passing NULL to non-pointer argument 1 of 'Rcpp::Vector<RTYPE, StoragePolicy>::Vector(const int&) [with int RTYPE = 19; StoragePolicy = Rcpp::PreserveStorage]' [-Wconversion-null]
Flavor: r-oldrel-windows-ix86+x86_64