CRAN Package Check Results for Package NetIndices

Last updated on 2020-04-02 20:48:33 CEST.

Flavor Version Tinstall Tcheck Ttotal Status Flags
r-devel-linux-x86_64-debian-clang 1.4.4 2.34 26.98 29.32 NOTE
r-devel-linux-x86_64-debian-gcc 1.4.4 1.88 21.72 23.60 NOTE
r-devel-linux-x86_64-fedora-clang 1.4.4 37.23 NOTE
r-devel-linux-x86_64-fedora-gcc 1.4.4 37.20 NOTE
r-devel-windows-ix86+x86_64 1.4.4 7.00 43.00 50.00 NOTE
r-devel-windows-ix86+x86_64-gcc8 1.4.4 6.00 46.00 52.00 NOTE
r-patched-linux-x86_64 1.4.4 2.28 26.27 28.55 NOTE
r-patched-solaris-x86 1.4.4 56.60 NOTE
r-release-linux-x86_64 1.4.4 1.78 25.33 27.11 NOTE
r-release-windows-ix86+x86_64 1.4.4 5.00 58.00 63.00 NOTE
r-release-osx-x86_64 1.4.4 NOTE
r-oldrel-windows-ix86+x86_64 1.4.4 5.00 44.00 49.00 NOTE
r-oldrel-osx-x86_64 1.4.4 NOTE

Check Details

Version: 1.4.4
Check: R code for possible problems
Result: NOTE
    EnvInd: no visible global function definition for 'sd'
    Undefined global functions or variables:
     sd
    Consider adding
     importFrom("stats", "sd")
    to your NAMESPACE file.
Flavors: r-devel-linux-x86_64-debian-clang, r-devel-linux-x86_64-debian-gcc, r-devel-linux-x86_64-fedora-clang, r-devel-linux-x86_64-fedora-gcc, r-devel-windows-ix86+x86_64, r-devel-windows-ix86+x86_64-gcc8, r-patched-linux-x86_64, r-patched-solaris-x86, r-release-linux-x86_64, r-release-windows-ix86+x86_64, r-release-osx-x86_64, r-oldrel-windows-ix86+x86_64, r-oldrel-osx-x86_64