CRAN Package Check Results for Package NetInt

Last updated on 2024-04-16 05:14:37 CEST.

Flavor Version Tinstall Tcheck Ttotal Status Flags
r-devel-linux-x86_64-debian-clang 1.0.0 2.46 23.79 26.25 OK
r-devel-linux-x86_64-debian-gcc 1.0.0 1.67 18.22 19.89 OK
r-devel-linux-x86_64-fedora-clang 1.0.0 33.17 NOTE
r-devel-linux-x86_64-fedora-gcc 1.0.0 33.08 NOTE
r-prerel-macos-arm64 1.0.0 17.00 OK
r-prerel-windows-x86_64 1.0.0 3.00 41.00 44.00 OK
r-patched-linux-x86_64 1.0.0 2.18 22.77 24.95 OK
r-release-linux-x86_64 1.0.0 2.02 22.27 24.29 OK
r-release-macos-arm64 1.0.0 17.00 OK
r-release-macos-x86_64 1.0.0 23.00 OK
r-release-windows-x86_64 1.0.0 3.00 40.00 43.00 OK
r-oldrel-macos-arm64 1.0.0 16.00 OK
r-oldrel-windows-x86_64 1.0.0 5.00 43.00 48.00 OK

Check Details

Version: 1.0.0
Check: dependencies in R code
Result: NOTE Namespace in Imports field not imported from: ‘mathjaxr’ All declared Imports should be used. Flavors: r-devel-linux-x86_64-fedora-clang, r-devel-linux-x86_64-fedora-gcc