CRAN Package Check Results for Package NetLogoR

Last updated on 2019-05-20 14:47:15 CEST.

Flavor Version Tinstall Tcheck Ttotal Status Flags
r-devel-linux-x86_64-debian-clang 0.3.5 31.85 263.99 295.84 NOTE
r-devel-linux-x86_64-debian-gcc 0.3.5 29.05 203.86 232.91 NOTE
r-devel-linux-x86_64-fedora-clang 0.3.5 354.63 NOTE
r-devel-linux-x86_64-fedora-gcc 0.3.5 341.34 NOTE
r-devel-windows-ix86+x86_64 0.3.5 98.00 395.00 493.00 NOTE
r-patched-linux-x86_64 0.3.5 31.66 256.77 288.43 NOTE
r-patched-solaris-x86 0.3.5 552.30 NOTE
r-release-linux-x86_64 0.3.5 30.71 254.30 285.01 NOTE
r-release-windows-ix86+x86_64 0.3.5 99.00 454.00 553.00 NOTE
r-release-osx-x86_64 0.3.5 NOTE
r-oldrel-windows-ix86+x86_64 0.3.5 39.00 242.00 281.00 NOTE
r-oldrel-osx-x86_64 0.3.5 NOTE

Check Details

Version: 0.3.5
Check: package dependencies
Result: NOTE
    Package suggested but not available for checking: 'fastshp'
Flavors: r-devel-linux-x86_64-debian-clang, r-devel-linux-x86_64-debian-gcc, r-devel-linux-x86_64-fedora-clang, r-devel-linux-x86_64-fedora-gcc, r-devel-windows-ix86+x86_64, r-patched-linux-x86_64, r-patched-solaris-x86, r-release-linux-x86_64, r-release-windows-ix86+x86_64, r-release-osx-x86_64, r-oldrel-windows-ix86+x86_64, r-oldrel-osx-x86_64