Last updated on 2022-07-07 11:51:23 CEST.
Flavor | Version | Tinstall | Tcheck | Ttotal | Status | Flags |
---|---|---|---|---|---|---|
r-devel-linux-x86_64-debian-clang | 0.3.10 | 47.85 | 395.39 | 443.24 | NOTE | |
r-devel-linux-x86_64-debian-gcc | 0.3.10 | 37.22 | 286.66 | 323.88 | NOTE | |
r-devel-linux-x86_64-fedora-clang | 0.3.10 | 539.75 | NOTE | |||
r-devel-linux-x86_64-fedora-gcc | 0.3.10 | 565.80 | NOTE | |||
r-devel-windows-x86_64 | 0.3.10 | 185.00 | 432.00 | 617.00 | NOTE | |
r-patched-linux-x86_64 | 0.3.10 | 46.94 | 370.40 | 417.34 | NOTE | |
r-release-linux-x86_64 | 0.3.10 | 31.40 | 368.79 | 400.19 | NOTE | |
r-release-macos-arm64 | 0.3.10 | 124.00 | NOTE | |||
r-release-macos-x86_64 | 0.3.10 | 238.00 | NOTE | |||
r-release-windows-x86_64 | 0.3.10 | 163.00 | 447.00 | 610.00 | NOTE | |
r-oldrel-macos-arm64 | 0.3.10 | 110.00 | NOTE | |||
r-oldrel-macos-x86_64 | 0.3.10 | 158.00 | NOTE | |||
r-oldrel-windows-ix86+x86_64 | 0.3.10 | 99.00 | 408.00 | 507.00 | NOTE |
Version: 0.3.10
Check: package dependencies
Result: NOTE
Package suggested but not available for checking: 'fastshp'
Flavors: r-devel-linux-x86_64-debian-clang, r-devel-linux-x86_64-debian-gcc, r-devel-linux-x86_64-fedora-clang, r-devel-linux-x86_64-fedora-gcc, r-devel-windows-x86_64, r-patched-linux-x86_64, r-release-linux-x86_64, r-release-macos-arm64, r-release-macos-x86_64, r-release-windows-x86_64, r-oldrel-macos-arm64, r-oldrel-macos-x86_64, r-oldrel-windows-ix86+x86_64
Version: 0.3.10
Check: package subdirectories
Result: NOTE
Problems with news in ‘NEWS.md’:
Cannot extract version info from the following section titles:
Dependency changes
Bugfixes
Flavors: r-devel-linux-x86_64-debian-gcc, r-devel-linux-x86_64-fedora-clang, r-devel-linux-x86_64-fedora-gcc, r-devel-windows-x86_64