CRAN Package Check Results for Package NetLogoR

Last updated on 2018-06-22 03:49:35 CEST.

Flavor Version Tinstall Tcheck Ttotal Status Flags
r-devel-linux-x86_64-debian-clang 0.3.3 29.36 287.03 316.39 NOTE
r-devel-linux-x86_64-debian-gcc 0.3.3 27.52 255.83 283.35 NOTE
r-devel-linux-x86_64-fedora-clang 0.3.3 373.69 NOTE
r-devel-linux-x86_64-fedora-gcc 0.3.3 361.08 NOTE
r-devel-windows-ix86+x86_64 0.3.3 11.00 5.00 16.00 ERROR
r-patched-linux-x86_64 0.3.3 29.74 269.43 299.17 NOTE
r-patched-solaris-x86 0.3.3 472.40 NOTE
r-release-linux-x86_64 0.3.3 23.74 265.17 288.91 NOTE
r-release-windows-ix86+x86_64 0.3.3 50.00 262.00 312.00 NOTE
r-release-osx-x86_64 0.3.3 NOTE
r-oldrel-windows-ix86+x86_64 0.3.3 64.00 281.00 345.00 NOTE
r-oldrel-osx-x86_64 0.3.2 NOTE

Check Details

Version: 0.3.3
Check: package dependencies
Result: NOTE
    Packages suggested but not available for checking: ‘fastshp’ ‘SpaDES.core’
Flavors: r-devel-linux-x86_64-debian-clang, r-devel-linux-x86_64-debian-gcc, r-patched-linux-x86_64, r-release-linux-x86_64

Version: 0.3.3
Check: package dependencies
Result: NOTE
    Package suggested but not available for checking: ‘fastshp’
Flavors: r-devel-linux-x86_64-fedora-clang, r-devel-linux-x86_64-fedora-gcc, r-devel-windows-ix86+x86_64, r-patched-solaris-x86, r-release-windows-ix86+x86_64, r-release-osx-x86_64, r-oldrel-windows-ix86+x86_64

Version: 0.3.3
Check: whether package can be installed
Result: ERROR
    Installation failed.
Flavor: r-devel-windows-ix86+x86_64

Version: 0.3.2
Check: package dependencies
Result: NOTE
    Package suggested but not available for checking: ‘fastshp’
Flavor: r-oldrel-osx-x86_64