CRAN Package Check Results for Package NetLogoR

Last updated on 2020-07-05 05:49:30 CEST.

Flavor Version Tinstall Tcheck Ttotal Status Flags
r-devel-linux-x86_64-debian-clang 0.3.7 34.16 274.01 308.17 NOTE
r-devel-linux-x86_64-debian-gcc 0.3.7 31.10 208.82 239.92 NOTE
r-devel-linux-x86_64-fedora-clang 0.3.7 380.26 NOTE
r-devel-linux-x86_64-fedora-gcc 0.3.7 390.69 NOTE
r-devel-windows-ix86+x86_64 0.3.7 112.00 410.00 522.00 NOTE
r-patched-linux-x86_64 0.3.7 28.45 264.60 293.05 NOTE
r-patched-solaris-x86 0.3.7 526.60 NOTE
r-release-linux-x86_64 0.3.7 34.51 262.98 297.49 NOTE
r-release-osx-x86_64 0.3.7 WARN
r-release-windows-ix86+x86_64 0.3.7 62.00 291.00 353.00 NOTE
r-oldrel-osx-x86_64 0.3.7 NOTE
r-oldrel-windows-ix86+x86_64 0.3.7 99.00 359.00 458.00 NOTE

Check Details

Version: 0.3.7
Check: package dependencies
Result: NOTE
    Package suggested but not available for checking: 'fastshp'
Flavors: r-devel-linux-x86_64-debian-clang, r-devel-linux-x86_64-debian-gcc, r-devel-linux-x86_64-fedora-clang, r-devel-linux-x86_64-fedora-gcc, r-devel-windows-ix86+x86_64, r-patched-linux-x86_64, r-patched-solaris-x86, r-release-linux-x86_64, r-release-osx-x86_64, r-release-windows-ix86+x86_64, r-oldrel-osx-x86_64, r-oldrel-windows-ix86+x86_64

Version: 0.3.7
Check: re-building of vignette outputs
Result: WARN
    Error(s) in re-building vignettes:
    --- re-building ‘NLR-Dictionary.Rmd’ using rmarkdown
    dyld: lazy symbol binding failed: Symbol not found: ____chkstk_darwin
     Referenced from: /usr/local/bin/pandoc (which was built for Mac OS X 10.15)
     Expected in: /usr/lib/libSystem.B.dylib
    
    dyld: Symbol not found: ____chkstk_darwin
     Referenced from: /usr/local/bin/pandoc (which was built for Mac OS X 10.15)
     Expected in: /usr/lib/libSystem.B.dylib
    
    Error: processing vignette 'NLR-Dictionary.Rmd' failed with diagnostics:
    pandoc document conversion failed with error 6
    --- failed re-building ‘NLR-Dictionary.Rmd’
    
    --- re-building ‘ProgrammingGuide.Rmd’ using rmarkdown
    dyld: lazy symbol binding failed: Symbol not found: ____chkstk_darwin
     Referenced from: /usr/local/bin/pandoc (which was built for Mac OS X 10.15)
     Expected in: /usr/lib/libSystem.B.dylib
    
    dyld: Symbol not found: ____chkstk_darwin
     Referenced from: /usr/local/bin/pandoc (which was built for Mac OS X 10.15)
     Expected in: /usr/lib/libSystem.B.dylib
    
    Error: processing vignette 'ProgrammingGuide.Rmd' failed with diagnostics:
    pandoc document conversion failed with error 6
    --- failed re-building ‘ProgrammingGuide.Rmd’
    
    SUMMARY: processing the following files failed:
     ‘NLR-Dictionary.Rmd’ ‘ProgrammingGuide.Rmd’
    
    Error: Vignette re-building failed.
    Execution halted
Flavor: r-release-osx-x86_64