CRAN Package Check Results for Package NetLogoR

Last updated on 2020-03-30 14:47:39 CEST.

Flavor Version Tinstall Tcheck Ttotal Status Flags
r-devel-linux-x86_64-debian-clang 0.3.7 34.92 278.06 312.98 NOTE
r-devel-linux-x86_64-debian-gcc 0.3.7 28.77 212.27 241.04 NOTE
r-devel-linux-x86_64-fedora-clang 0.3.7 374.08 NOTE
r-devel-linux-x86_64-fedora-gcc 0.3.7 361.47 NOTE
r-devel-windows-ix86+x86_64 0.3.7 67.00 277.00 344.00 NOTE
r-devel-windows-ix86+x86_64-gcc8 0.3.7 64.00 281.00 345.00 NOTE
r-patched-linux-x86_64 0.3.7 32.81 261.77 294.58 NOTE
r-patched-solaris-x86 0.3.7 576.70 NOTE
r-release-linux-x86_64 0.3.7 30.14 239.87 270.01 NOTE
r-release-windows-ix86+x86_64 0.3.7 68.00 404.00 472.00 NOTE
r-release-osx-x86_64 0.3.7 NOTE
r-oldrel-windows-ix86+x86_64 0.3.7 75.00 405.00 480.00 NOTE
r-oldrel-osx-x86_64 0.3.7 NOTE

Check Details

Version: 0.3.7
Check: package dependencies
Result: NOTE
    Package suggested but not available for checking: 'fastshp'
Flavors: r-devel-linux-x86_64-debian-clang, r-devel-linux-x86_64-debian-gcc, r-devel-linux-x86_64-fedora-clang, r-devel-linux-x86_64-fedora-gcc, r-devel-windows-ix86+x86_64, r-devel-windows-ix86+x86_64-gcc8, r-patched-linux-x86_64, r-patched-solaris-x86, r-release-linux-x86_64, r-release-windows-ix86+x86_64, r-release-osx-x86_64, r-oldrel-windows-ix86+x86_64, r-oldrel-osx-x86_64