CRAN Package Check Results for Package NetLogoR

Last updated on 2021-04-16 11:51:21 CEST.

Flavor Version Tinstall Tcheck Ttotal Status Flags
r-devel-linux-x86_64-debian-clang 0.3.7 34.58 284.63 319.21 NOTE
r-devel-linux-x86_64-debian-gcc 0.3.7 29.12 211.40 240.52 NOTE
r-devel-linux-x86_64-fedora-clang 0.3.7 387.51 NOTE
r-devel-linux-x86_64-fedora-gcc 0.3.7 375.75 NOTE
r-devel-windows-ix86+x86_64 0.3.7 75.00 352.00 427.00 NOTE
r-devel-windows-x86_64-gcc10-UCRT 0.3.7 NOTE
r-patched-linux-x86_64 0.3.7 36.33 263.44 299.77 NOTE
r-patched-solaris-x86 0.3.7 554.00 NOTE
r-release-linux-x86_64 0.3.7 32.83 262.58 295.41 NOTE
r-release-macos-x86_64 0.3.7 NOTE
r-release-windows-ix86+x86_64 0.3.7 78.00 359.00 437.00 NOTE
r-oldrel-macos-x86_64 0.3.7 NOTE
r-oldrel-windows-ix86+x86_64 0.3.7 46.00 339.00 385.00 NOTE

Check Details

Version: 0.3.7
Check: package dependencies
Result: NOTE
    Package suggested but not available for checking: 'fastshp'
Flavors: r-devel-linux-x86_64-debian-clang, r-devel-linux-x86_64-debian-gcc, r-devel-linux-x86_64-fedora-clang, r-devel-linux-x86_64-fedora-gcc, r-devel-windows-ix86+x86_64, r-devel-windows-x86_64-gcc10-UCRT, r-patched-linux-x86_64, r-patched-solaris-x86, r-release-linux-x86_64, r-release-macos-x86_64, r-release-windows-ix86+x86_64, r-oldrel-macos-x86_64, r-oldrel-windows-ix86+x86_64

Version: 0.3.7
Check: LazyData
Result: NOTE
     'LazyData' is specified without a 'data' directory
Flavors: r-devel-linux-x86_64-debian-clang, r-devel-linux-x86_64-debian-gcc, r-devel-linux-x86_64-fedora-clang, r-devel-linux-x86_64-fedora-gcc, r-devel-windows-ix86+x86_64, r-devel-windows-x86_64-gcc10-UCRT