CRAN Package Check Results for Package NetLogoR

Last updated on 2019-10-16 21:47:01 CEST.

Flavor Version Tinstall Tcheck Ttotal Status Flags
r-devel-linux-x86_64-debian-clang 0.3.5 35.53 265.25 300.78 NOTE
r-devel-linux-x86_64-debian-gcc 0.3.5 31.53 208.05 239.58 NOTE
r-devel-linux-x86_64-fedora-clang 0.3.5 378.85 NOTE
r-devel-linux-x86_64-fedora-gcc 0.3.5 350.43 NOTE
r-devel-windows-ix86+x86_64 0.3.5 112.00 419.00 531.00 NOTE
r-patched-linux-x86_64 0.3.5 32.86 252.74 285.60 NOTE
r-patched-solaris-x86 0.3.5 489.20 NOTE
r-release-linux-x86_64 0.3.5 32.99 257.34 290.33 NOTE
r-release-windows-ix86+x86_64 0.3.5 69.00 312.00 381.00 NOTE
r-release-osx-x86_64 0.3.5 NOTE
r-oldrel-windows-ix86+x86_64 0.3.5 44.00 251.00 295.00 NOTE
r-oldrel-osx-x86_64 0.3.5 NOTE

Check Details

Version: 0.3.5
Check: package dependencies
Result: NOTE
    Package suggested but not available for checking: 'fastshp'
Flavors: r-devel-linux-x86_64-debian-clang, r-devel-linux-x86_64-debian-gcc, r-devel-linux-x86_64-fedora-clang, r-devel-linux-x86_64-fedora-gcc, r-devel-windows-ix86+x86_64, r-patched-linux-x86_64, r-patched-solaris-x86, r-release-linux-x86_64, r-release-windows-ix86+x86_64, r-release-osx-x86_64, r-oldrel-windows-ix86+x86_64, r-oldrel-osx-x86_64