CRAN Package Check Results for Package NetLogoR

Last updated on 2020-01-23 19:49:04 CET.

Flavor Version Tinstall Tcheck Ttotal Status Flags
r-devel-linux-x86_64-debian-clang 0.3.6 39.46 296.49 335.95 NOTE
r-devel-linux-x86_64-debian-gcc 0.3.6 33.48 226.79 260.27 NOTE
r-devel-linux-x86_64-fedora-clang 0.3.6 402.79 NOTE
r-devel-linux-x86_64-fedora-gcc 0.3.6 393.72 NOTE
r-devel-windows-ix86+x86_64 0.3.6 106.00 445.00 551.00 NOTE
r-devel-windows-ix86+x86_64-gcc8 0.3.6 115.00 453.00 568.00 NOTE
r-patched-linux-x86_64 0.3.6 32.73 255.63 288.36 NOTE
r-patched-solaris-x86 0.3.6 575.40 NOTE
r-release-linux-x86_64 0.3.6 30.86 257.20 288.06 NOTE
r-release-windows-ix86+x86_64 0.3.6 65.00 282.00 347.00 NOTE
r-release-osx-x86_64 0.3.6 NOTE
r-oldrel-windows-ix86+x86_64 0.3.6 45.00 249.00 294.00 NOTE
r-oldrel-osx-x86_64 0.3.6 NOTE

Check Details

Version: 0.3.6
Check: package dependencies
Result: NOTE
    Package suggested but not available for checking: 'fastshp'
Flavors: r-devel-linux-x86_64-debian-clang, r-devel-linux-x86_64-debian-gcc, r-devel-linux-x86_64-fedora-clang, r-devel-linux-x86_64-fedora-gcc, r-devel-windows-ix86+x86_64, r-devel-windows-ix86+x86_64-gcc8, r-patched-linux-x86_64, r-patched-solaris-x86, r-release-linux-x86_64, r-release-windows-ix86+x86_64, r-release-osx-x86_64, r-oldrel-windows-ix86+x86_64, r-oldrel-osx-x86_64