CRAN Package Check Results for Package NetLogoR

Last updated on 2018-10-23 05:50:37 CEST.

Flavor Version Tinstall Tcheck Ttotal Status Flags
r-devel-linux-x86_64-debian-clang 0.3.4 30.29 338.71 369.00 NOTE
r-devel-linux-x86_64-debian-gcc 0.3.4 26.48 273.40 299.88 NOTE
r-devel-linux-x86_64-fedora-clang 0.3.4 430.71 NOTE
r-devel-linux-x86_64-fedora-gcc 0.3.4 418.82 NOTE
r-devel-windows-ix86+x86_64 0.3.4 81.00 417.00 498.00 NOTE
r-patched-linux-x86_64 0.3.4 28.87 275.60 304.47 NOTE
r-patched-solaris-x86 0.3.4 533.60 NOTE
r-release-linux-x86_64 0.3.4 32.11 275.68 307.79 ERROR
r-release-windows-ix86+x86_64 0.3.4 76.00 379.00 455.00 NOTE
r-release-osx-x86_64 0.3.4 NOTE
r-oldrel-windows-ix86+x86_64 0.3.4 70.00 323.00 393.00 NOTE
r-oldrel-osx-x86_64 0.3.4 NOTE

Check Details

Version: 0.3.4
Check: package dependencies
Result: NOTE
    Package suggested but not available for checking: ‘fastshp’
Flavors: r-devel-linux-x86_64-debian-clang, r-devel-linux-x86_64-debian-gcc, r-devel-linux-x86_64-fedora-clang, r-devel-linux-x86_64-fedora-gcc, r-devel-windows-ix86+x86_64, r-patched-linux-x86_64, r-patched-solaris-x86, r-release-windows-ix86+x86_64, r-release-osx-x86_64, r-oldrel-windows-ix86+x86_64, r-oldrel-osx-x86_64

Version: 0.3.4
Check: package dependencies
Result: ERROR
    Package required but not available: ‘Hmisc’
    
    Packages suggested but not available for checking: ‘fastshp’ ‘SpaDES.core’
    
    See section ‘The DESCRIPTION file’ in the ‘Writing R Extensions’
    manual.
Flavor: r-release-linux-x86_64