CRAN Package Check Results for Package NetLogoR

Last updated on 2018-12-18 14:47:27 CET.

Flavor Version Tinstall Tcheck Ttotal Status Flags
r-devel-linux-x86_64-debian-clang 0.3.4 27.46 275.30 302.76 NOTE
r-devel-linux-x86_64-debian-gcc 0.3.4 25.05 220.04 245.09 NOTE
r-devel-linux-x86_64-fedora-clang 0.3.4 362.10 NOTE
r-devel-linux-x86_64-fedora-gcc 0.3.4 343.52 NOTE
r-devel-windows-ix86+x86_64 0.3.4 57.00 360.00 417.00 NOTE
r-patched-linux-x86_64 0.3.4 23.52 260.93 284.45 NOTE
r-patched-solaris-x86 0.3.4 542.30 NOTE
r-release-linux-x86_64 0.3.4 23.02 257.59 280.61 NOTE
r-release-windows-ix86+x86_64 0.3.4 68.00 381.00 449.00 NOTE
r-release-osx-x86_64 0.3.4 NOTE
r-oldrel-windows-ix86+x86_64 0.3.4 100.00 413.00 513.00 NOTE
r-oldrel-osx-x86_64 0.3.4 NOTE

Check Details

Version: 0.3.4
Check: package dependencies
Result: NOTE
    Package suggested but not available for checking: ‘fastshp’
Flavors: r-devel-linux-x86_64-debian-clang, r-devel-linux-x86_64-debian-gcc, r-devel-linux-x86_64-fedora-clang, r-devel-linux-x86_64-fedora-gcc, r-devel-windows-ix86+x86_64, r-patched-linux-x86_64, r-patched-solaris-x86, r-release-linux-x86_64, r-release-windows-ix86+x86_64, r-release-osx-x86_64, r-oldrel-windows-ix86+x86_64, r-oldrel-osx-x86_64