CRAN Package Check Results for Package NetLogoR

Last updated on 2019-12-15 04:46:37 CET.

Flavor Version Tinstall Tcheck Ttotal Status Flags
r-devel-linux-x86_64-debian-clang 0.3.6 37.01 295.19 332.20 NOTE
r-devel-linux-x86_64-debian-gcc 0.3.6 31.91 226.95 258.86 NOTE
r-devel-linux-x86_64-fedora-clang 0.3.6 412.33 NOTE
r-devel-linux-x86_64-fedora-gcc 0.3.6 396.89 NOTE
r-devel-windows-ix86+x86_64 0.3.6 15.00 12.00 27.00 ERROR
r-devel-windows-ix86+x86_64-gcc8 0.3.6 110.00 445.00 555.00 NOTE
r-patched-linux-x86_64 0.3.6 29.21 258.86 288.07 NOTE
r-patched-solaris-x86 0.3.6 542.50 NOTE
r-release-linux-x86_64 0.3.6 32.66 257.85 290.51 NOTE
r-release-windows-ix86+x86_64 0.3.6 70.00 299.00 369.00 NOTE
r-release-osx-x86_64 0.3.6 NOTE
r-oldrel-windows-ix86+x86_64 0.3.6 45.00 253.00 298.00 NOTE
r-oldrel-osx-x86_64 0.3.6 NOTE

Check Details

Version: 0.3.6
Check: package dependencies
Result: NOTE
    Package suggested but not available for checking: 'fastshp'
Flavors: r-devel-linux-x86_64-debian-clang, r-devel-linux-x86_64-debian-gcc, r-devel-linux-x86_64-fedora-clang, r-devel-linux-x86_64-fedora-gcc, r-devel-windows-ix86+x86_64, r-devel-windows-ix86+x86_64-gcc8, r-patched-linux-x86_64, r-patched-solaris-x86, r-release-linux-x86_64, r-release-windows-ix86+x86_64, r-release-osx-x86_64, r-oldrel-windows-ix86+x86_64, r-oldrel-osx-x86_64

Version: 0.3.6
Check: whether package can be installed
Result: ERROR
    Installation failed.
Flavor: r-devel-windows-ix86+x86_64