CRAN Package Check Results for Package NetMix

Last updated on 2019-09-16 22:49:27 CEST.

Flavor Version Tinstall Tcheck Ttotal Status Flags
r-devel-linux-x86_64-debian-clang 0.1.4 37.48 72.64 110.12 OK
r-devel-linux-x86_64-debian-gcc 0.1.4 34.70 55.95 90.65 OK
r-devel-linux-x86_64-fedora-clang 0.1.4 155.76 OK
r-devel-linux-x86_64-fedora-gcc 0.1.4 147.99 OK
r-devel-windows-ix86+x86_64 0.1.4 125.00 191.00 316.00 OK
r-patched-linux-x86_64 0.1.4 38.02 71.44 109.46 OK
r-patched-solaris-x86 0.1.4 162.30 ERROR
r-release-linux-x86_64 0.1.4 39.07 76.54 115.61 OK
r-release-windows-ix86+x86_64 0.1.4 76.00 136.00 212.00 OK
r-release-osx-x86_64 0.1.4 OK
r-oldrel-windows-ix86+x86_64 0.1.4 111.00 146.00 257.00 OK
r-oldrel-osx-x86_64 0.1.4 OK

Check Details

Version: 0.1.4
Check: examples
Result: ERROR
    Running examples in ‘NetMix-Ex.R’ failed
    The error most likely occurred in:
    
    > ### Name: covFX
    > ### Title: Generate estimated monadic covariate effects for estimated mmsbm
    > ### model
    > ### Aliases: covFX
    >
    > ### ** Examples
    >
    > library(NetMix)
    > ## Load datasets
    > data("lazega_dyadic")
    > data("lazega_monadic")
    > ## Estimate model with 2 groups
    > set.seed(123)
    > lazega_mmsbm <- mmsbm(SocializeWith ~ Coworkers,
    + ~ School + Practice + Age,
    + senderID = "Lawyer1",
    + receiverID = "Lawyer2",
    + nodeID = "Lawyer",
    + data.dyad = lazega_dyadic,
    + data.monad = lazega_monadic,
    + n.blocks = 2)
    Error in .mmsbm_fit(t(Z), t(X), Y, t_id_d, t_id_n, nodes_pp, nt_id, mu_b, :
     Phi value became NaN
    Calls: mmsbm -> .mmsbm_fit
    Execution halted
Flavor: r-patched-solaris-x86