Last updated on 2023-03-30 22:55:06 CEST.
Flavor | Version | Tinstall | Tcheck | Ttotal | Status | Flags |
---|---|---|---|---|---|---|
r-devel-linux-x86_64-debian-clang | 0.3.4 | 64.51 | 127.74 | 192.25 | NOTE | |
r-devel-linux-x86_64-debian-gcc | 0.3.4 | 51.11 | 99.32 | 150.43 | NOTE | |
r-devel-linux-x86_64-fedora-clang | 0.3.4 | 267.52 | NOTE | |||
r-devel-linux-x86_64-fedora-gcc | 0.3.4 | 267.36 | NOTE | |||
r-devel-windows-x86_64 | 0.3.4 | 104.00 | 198.00 | 302.00 | NOTE | |
r-patched-linux-x86_64 | 0.3.4 | 56.07 | 122.71 | 178.78 | NOTE | |
r-release-linux-x86_64 | 0.3.4 | 57.10 | 120.92 | 178.02 | OK | |
r-release-macos-arm64 | 0.3.4 | 66.00 | OK | |||
r-release-macos-x86_64 | 0.3.4 | 89.00 | OK | |||
r-release-windows-x86_64 | 0.3.4 | 87.00 | 197.00 | 284.00 | OK | |
r-oldrel-macos-arm64 | 0.3.4 | 65.00 | OK | |||
r-oldrel-macos-x86_64 | 0.3.4 | 87.00 | OK | |||
r-oldrel-windows-ix86+x86_64 | 0.3.4 | 166.00 | 202.00 | 368.00 | OK |
Version: 0.3.4
Check: C++ specification
Result: NOTE
Specified C++11: please drop specification unless essential
Flavors: r-devel-linux-x86_64-debian-clang, r-devel-linux-x86_64-debian-gcc, r-devel-linux-x86_64-fedora-clang, r-devel-linux-x86_64-fedora-gcc, r-devel-windows-x86_64, r-patched-linux-x86_64