Last updated on 2023-12-09 19:54:17 CET.
Flavor | Version | Tinstall | Tcheck | Ttotal | Status | Flags |
---|---|---|---|---|---|---|
r-devel-linux-x86_64-debian-clang | 0.3.4 | 73.83 | 123.65 | 197.48 | NOTE | |
r-devel-linux-x86_64-debian-gcc | 0.3.4 | 49.62 | 97.00 | 146.62 | NOTE | |
r-devel-linux-x86_64-fedora-clang | 0.3.4 | 278.64 | NOTE | |||
r-devel-linux-x86_64-fedora-gcc | 0.3.4 | 275.66 | NOTE | |||
r-devel-windows-x86_64 | 0.3.4 | 55.00 | 148.00 | 203.00 | NOTE | |
r-patched-linux-x86_64 | 0.3.4 | 52.70 | 122.61 | 175.31 | NOTE | |
r-release-linux-x86_64 | 0.3.4 | 58.51 | 123.13 | 181.64 | NOTE | |
r-release-macos-arm64 | 0.3.4 | 81.00 | NOTE | |||
r-release-macos-x86_64 | 0.3.4 | 125.00 | NOTE | |||
r-release-windows-x86_64 | 0.3.4 | 69.00 | 158.00 | 227.00 | NOTE | |
r-oldrel-macos-arm64 | 0.3.4 | 66.00 | OK | |||
r-oldrel-macos-x86_64 | 0.3.4 | 89.00 | OK | |||
r-oldrel-windows-x86_64 | 0.3.4 | 70.00 | 154.00 | 224.00 | OK |
Version: 0.3.4
Check: C++ specification
Result: NOTE
Specified C++11: please drop specification unless essential
Flavors: r-devel-linux-x86_64-debian-clang, r-devel-linux-x86_64-debian-gcc, r-devel-linux-x86_64-fedora-clang, r-devel-linux-x86_64-fedora-gcc, r-devel-windows-x86_64, r-patched-linux-x86_64, r-release-linux-x86_64, r-release-macos-arm64, r-release-macos-x86_64, r-release-windows-x86_64