CRAN Package Check Results for Package NetworkInference

Last updated on 2019-05-22 20:47:59 CEST.

Flavor Version Tinstall Tcheck Ttotal Status Flags
r-devel-linux-x86_64-debian-clang 1.2.4 45.33 73.97 119.30 OK
r-devel-linux-x86_64-debian-gcc 1.2.4 35.88 57.52 93.40 OK
r-devel-linux-x86_64-fedora-clang 1.2.4 165.78 OK
r-devel-linux-x86_64-fedora-gcc 1.2.4 147.36 OK
r-devel-windows-ix86+x86_64 1.2.4 99.00 110.00 209.00 OK
r-patched-linux-x86_64 1.2.4 43.30 70.64 113.94 OK
r-patched-solaris-x86 1.2.4 192.70 OK
r-release-linux-x86_64 1.2.4 41.61 71.80 113.41 OK
r-release-windows-ix86+x86_64 1.2.4 143.00 165.00 308.00 OK
r-release-osx-x86_64 1.2.4 OK
r-oldrel-windows-ix86+x86_64 1.2.4 98.00 104.00 202.00 WARN
r-oldrel-osx-x86_64 1.2.4 OK

Check Details

Version: 1.2.4
Check: whether package can be installed
Result: WARN
    Found the following significant warnings:
     Warning: S3 methods '[.fun_list', '[.grouped_df', 'all.equal.tbl_df', 'anti_join.data.frame', 'anti_join.tbl_df', 'arrange.data.frame', 'arrange.default', 'arrange.grouped_df', 'arrange.tbl_df', 'arrange_.data.frame', 'arrange_.tbl_df', 'as.data.frame.grouped_df', 'as.data.frame.rowwise_df', 'as.data.frame.tbl_cube', 'as.table.tbl_cube', 'as.tbl.data.frame', 'as.tbl.tbl', 'as.tbl_cube.array', 'as.tbl_cube.data.frame', 'as.tbl_cube.matrix', 'as.tbl_cube.table', 'as_tibble.grouped_df', 'as_tibble.tbl_cube', 'auto_copy.tbl_cube', 'auto_copy.tbl_df', 'cbind.grouped_df', 'collapse.data.frame', 'collect.data.frame', 'common_by.NULL', 'common_by.character', 'common_by.default', 'common_by.list', 'compute.data.frame', 'copy_to.DBIConnection', 'copy_to.src_local', 'default_missing.data.frame', 'default_missing.default', 'dim.tbl_cube', 'distinct.data.frame', 'distinct.default', 'distinct.grouped_df', 'distinct.tbl_df', 'distinct_.data.frame', 'distinct_.grouped_df', 'distinct_.tbl_df', 'do.NULL', 'do.da [... truncated]
Flavor: r-oldrel-windows-ix86+x86_64