CRAN Package Check Results for Package NlcOptim

Last updated on 2022-01-25 05:54:50 CET.

Flavor Version Tinstall Tcheck Ttotal Status Flags
r-devel-linux-x86_64-debian-clang 0.6 3.61 35.87 39.48 NOTE
r-devel-linux-x86_64-debian-gcc 0.6 2.75 29.76 32.51 NOTE
r-devel-linux-x86_64-fedora-clang 0.6 48.90 NOTE
r-devel-linux-x86_64-fedora-gcc 0.6 37.10 NOTE
r-devel-windows-x86_64-new-UL 0.6 18.00 52.00 70.00 NOTE
r-devel-windows-x86_64-new-TK 0.6 NOTE
r-patched-linux-x86_64 0.6 2.73 34.48 37.21 NOTE
r-release-linux-x86_64 0.6 3.21 34.71 37.92 NOTE
r-release-macos-arm64 0.6 NOTE
r-release-macos-x86_64 0.6 NOTE
r-release-windows-ix86+x86_64 0.6 7.00 42.00 49.00 NOTE
r-oldrel-macos-x86_64 0.6 OK
r-oldrel-windows-ix86+x86_64 0.6 7.00 43.00 50.00 OK

Check Details

Version: 0.6
Check: LazyData
Result: NOTE
     'LazyData' is specified without a 'data' directory
Flavors: r-devel-linux-x86_64-debian-clang, r-devel-linux-x86_64-debian-gcc, r-devel-linux-x86_64-fedora-clang, r-devel-linux-x86_64-fedora-gcc, r-devel-windows-x86_64-new-UL, r-devel-windows-x86_64-new-TK, r-patched-linux-x86_64, r-release-linux-x86_64, r-release-macos-arm64, r-release-macos-x86_64, r-release-windows-ix86+x86_64