CRAN Package Check Results for Package NlsyLinks

Last updated on 2019-10-18 16:46:32 CEST.

Flavor Version Tinstall Tcheck Ttotal Status Flags
r-devel-linux-x86_64-debian-clang 2.0.6 5.82 116.42 122.24 OK
r-devel-linux-x86_64-debian-gcc 2.0.6 4.74 95.92 100.66 OK
r-devel-linux-x86_64-fedora-clang 2.0.6 170.46 NOTE
r-devel-linux-x86_64-fedora-gcc 2.0.6 147.99 OK
r-devel-windows-ix86+x86_64 2.0.6 18.00 195.00 213.00 NOTE
r-patched-linux-x86_64 2.0.6 5.69 112.32 118.01 OK
r-patched-solaris-x86 2.0.6 388.80 NOTE
r-release-linux-x86_64 2.0.6 5.26 113.74 119.00 OK
r-release-windows-ix86+x86_64 2.0.6 12.00 153.00 165.00 NOTE
r-release-osx-x86_64 2.0.6 NOTE
r-oldrel-windows-ix86+x86_64 2.0.6 10.00 110.00 120.00 NOTE
r-oldrel-osx-x86_64 2.0.6 NOTE

Check Details

Version: 2.0.6
Check: installed package size
Result: NOTE
     installed size is 8.6Mb
     sub-directories of 1Mb or more:
     data 4.3Mb
     reports 2.3Mb
Flavors: r-devel-linux-x86_64-fedora-clang, r-devel-windows-ix86+x86_64, r-patched-solaris-x86, r-release-windows-ix86+x86_64, r-release-osx-x86_64, r-oldrel-windows-ix86+x86_64, r-oldrel-osx-x86_64