CRAN Package Check Results for Package NoiseFiltersR

Last updated on 2019-06-15 22:58:49 CEST.

Flavor Version Tinstall Tcheck Ttotal Status Flags
r-devel-linux-x86_64-debian-clang 0.1.0 5.55 71.94 77.49 OK
r-devel-linux-x86_64-debian-gcc 0.1.0 5.07 56.60 61.67 OK
r-devel-linux-x86_64-fedora-clang 0.1.0 92.73 NOTE
r-devel-linux-x86_64-fedora-gcc 0.1.0 90.65 NOTE
r-devel-windows-ix86+x86_64 0.1.0 13.00 109.00 122.00 OK
r-patched-linux-x86_64 0.1.0 5.05 71.98 77.03 OK
r-release-linux-x86_64 0.1.0 6.43 71.12 77.55 OK
r-release-windows-ix86+x86_64 0.1.0 9.00 90.00 99.00 OK
r-release-osx-x86_64 0.1.0 NOTE
r-oldrel-windows-ix86+x86_64 0.1.0 6.00 162.00 168.00 OK
r-oldrel-osx-x86_64 0.1.0 NOTE

Check Details

Version: 0.1.0
Check: dependencies in R code
Result: NOTE
    Namespace in Imports field not imported from: ‘rJava’
     All declared Imports should be used.
Flavors: r-devel-linux-x86_64-fedora-clang, r-devel-linux-x86_64-fedora-gcc, r-release-osx-x86_64, r-oldrel-osx-x86_64