CRAN Package Check Results for Package NoiseFiltersR

Last updated on 2019-10-14 05:47:02 CEST.

Flavor Version Tinstall Tcheck Ttotal Status Flags
r-devel-linux-x86_64-debian-clang 0.1.0 5.61 71.09 76.70 OK
r-devel-linux-x86_64-debian-gcc 0.1.0 5.54 55.63 61.17 OK
r-devel-linux-x86_64-fedora-clang 0.1.0 98.25 NOTE
r-devel-linux-x86_64-fedora-gcc 0.1.0 92.73 NOTE
r-devel-windows-ix86+x86_64 0.1.0 11.00 77.00 88.00 OK
r-patched-linux-x86_64 0.1.0 5.73 69.60 75.33 OK
r-release-linux-x86_64 0.1.0 4.86 70.58 75.44 OK
r-release-windows-ix86+x86_64 0.1.0 14.00 118.00 132.00 OK
r-release-osx-x86_64 0.1.0 NOTE
r-oldrel-windows-ix86+x86_64 0.1.0 8.00 74.00 82.00 OK
r-oldrel-osx-x86_64 0.1.0 NOTE

Check Details

Version: 0.1.0
Check: dependencies in R code
Result: NOTE
    Namespace in Imports field not imported from: ‘rJava’
     All declared Imports should be used.
Flavors: r-devel-linux-x86_64-fedora-clang, r-devel-linux-x86_64-fedora-gcc, r-release-osx-x86_64, r-oldrel-osx-x86_64