Last updated on 2022-05-17 15:53:23 CEST.
Flavor | Version | Tinstall | Tcheck | Ttotal | Status | Flags |
---|---|---|---|---|---|---|
r-devel-linux-x86_64-debian-clang | 0.2 | 13.64 | 110.03 | 123.67 | NOTE | |
r-devel-linux-x86_64-debian-gcc | 0.2 | 9.52 | 84.17 | 93.69 | NOTE | |
r-devel-linux-x86_64-fedora-clang | 0.2 | 158.53 | NOTE | |||
r-devel-linux-x86_64-fedora-gcc | 0.2 | 156.01 | NOTE | |||
r-devel-windows-x86_64 | 0.2 | 106.00 | 124.00 | 230.00 | NOTE | |
r-patched-linux-x86_64 | 0.2 | 9.30 | 105.28 | 114.58 | NOTE | |
r-release-linux-x86_64 | 0.2 | 13.21 | 105.55 | 118.76 | NOTE | |
r-release-macos-arm64 | 0.2 | 43.00 | NOTE | |||
r-release-macos-x86_64 | 0.2 | 58.00 | NOTE | |||
r-release-windows-x86_64 | 0.2 | 114.00 | 124.00 | 238.00 | NOTE | |
r-oldrel-macos-arm64 | 0.2 | 50.00 | NOTE | |||
r-oldrel-macos-x86_64 | 0.2 | 80.00 | NOTE | |||
r-oldrel-windows-ix86+x86_64 | 0.2 | 26.00 | 120.00 | 146.00 | NOTE |
Version: 0.2
Check: R code for possible problems
Result: NOTE
CheckDataSet: no visible global function definition for 'na.omit'
NominalLogBiplotEM: no visible global function definition for 'text'
NominalLogBiplotEM: no visible global function definition for 'dev.new'
NominalLogisticBiplot: no visible global function definition for
'model.frame'
RidgeMultinomialRegression: no visible global function definition for
'pchisq'
plot.nominal.logistic.biplot: no visible global function definition for
'colors'
plot.nominal.logistic.biplot: no visible global function definition for
'dev.new'
plot.nominal.logistic.biplot: no visible global function definition for
'text'
plot.nominal.logistic.biplot: no visible global function definition for
'legend'
plot.nominal.logistic.biplot: no visible global function definition for
'points'
plot.voronoiprob: no visible global function definition for 'points'
plot.voronoiprob: no visible global function definition for 'text'
plot.voronoiprob: no visible global function definition for 'segments'
plot2CategLine: no visible global function definition for 'abline'
plot2CategLine: no visible global function definition for 'points'
plot2CategLine: no visible global function definition for 'text'
plotNominalFittedVariable: no visible global function definition for
'dev.new'
plotNominalFittedVariable: no visible global function definition for
'points'
plotNominalFittedVariable: no visible global function definition for
'text'
plotNominalVariable: no visible global function definition for
'dev.new'
plotNominalVariable: no visible global function definition for 'points'
plotNominalVariable: no visible global function definition for 'text'
summary.nominal.logistic.biplot: no visible global function definition
for 'pnorm'
textsmart: no visible global function definition for 'text'
Undefined global functions or variables:
abline colors dev.new legend model.frame na.omit pchisq pnorm points
segments text
Consider adding
importFrom("grDevices", "colors", "dev.new")
importFrom("graphics", "abline", "legend", "points", "segments",
"text")
importFrom("stats", "model.frame", "na.omit", "pchisq", "pnorm")
to your NAMESPACE file.
Flavors: r-devel-linux-x86_64-debian-clang, r-devel-linux-x86_64-debian-gcc, r-devel-linux-x86_64-fedora-clang, r-devel-linux-x86_64-fedora-gcc, r-devel-windows-x86_64, r-patched-linux-x86_64, r-release-linux-x86_64, r-release-macos-arm64, r-release-macos-x86_64, r-release-windows-x86_64, r-oldrel-macos-arm64, r-oldrel-macos-x86_64, r-oldrel-windows-ix86+x86_64