CRAN Package Check Results for Package Nozzle.R1

Last updated on 2019-05-26 22:52:20 CEST.

Flavor Version Tinstall Tcheck Ttotal Status Flags
r-devel-linux-x86_64-debian-clang 1.1-1 5.14 28.40 33.54 NOTE
r-devel-linux-x86_64-debian-gcc 1.1-1 3.87 22.22 26.09 NOTE
r-devel-linux-x86_64-fedora-clang 1.1-1 38.95 NOTE
r-devel-linux-x86_64-fedora-gcc 1.1-1 37.41 NOTE
r-devel-windows-ix86+x86_64 1.1-1 38.00 53.00 91.00 NOTE
r-patched-linux-x86_64 1.1-1 NOTE
r-patched-solaris-x86 1.1-1 52.40 NOTE
r-release-linux-x86_64 1.1-1 5.28 28.18 33.46 NOTE
r-release-windows-ix86+x86_64 1.1-1 11.00 46.00 57.00 NOTE
r-release-osx-x86_64 1.1-1 NOTE
r-oldrel-windows-ix86+x86_64 1.1-1 7.00 40.00 47.00 NOTE
r-oldrel-osx-x86_64 1.1-1 NOTE

Check Details

Version: 1.1-1
Check: R code for possible problems
Result: NOTE
    .newReportId : <anonymous>: no visible global function definition for
     'runif'
    Undefined global functions or variables:
     runif
    Consider adding
     importFrom("stats", "runif")
    to your NAMESPACE file.
Flavors: r-devel-linux-x86_64-debian-clang, r-devel-linux-x86_64-debian-gcc, r-devel-linux-x86_64-fedora-clang, r-devel-linux-x86_64-fedora-gcc, r-devel-windows-ix86+x86_64, r-patched-linux-x86_64, r-patched-solaris-x86, r-release-linux-x86_64, r-release-windows-ix86+x86_64, r-release-osx-x86_64, r-oldrel-windows-ix86+x86_64, r-oldrel-osx-x86_64