CRAN Package Check Results for Package Numero

Last updated on 2019-10-18 18:47:58 CEST.

Flavor Version Tinstall Tcheck Ttotal Status Flags
r-devel-linux-x86_64-debian-clang 1.3.2 397.16 63.31 460.47 OK
r-devel-linux-x86_64-debian-gcc 1.3.2 252.71 49.86 302.57 OK
r-devel-linux-x86_64-fedora-clang 1.3.2 774.14 NOTE
r-devel-linux-x86_64-fedora-gcc 1.3.2 561.25 OK
r-devel-windows-ix86+x86_64 1.3.2 1269.00 108.00 1377.00 NOTE
r-patched-linux-x86_64 1.3.2 279.30 62.49 341.79 OK
r-patched-solaris-x86 1.3.2 449.10 NOTE
r-release-linux-x86_64 1.3.2 283.14 63.68 346.82 OK
r-release-windows-ix86+x86_64 1.3.2 944.00 128.00 1072.00 NOTE
r-release-osx-x86_64 1.3.2 NOTE
r-oldrel-windows-ix86+x86_64 1.3.2 896.00 120.00 1016.00 NOTE
r-oldrel-osx-x86_64 1.3.2 NOTE

Check Details

Version: 1.3.2
Check: installed package size
Result: NOTE
     installed size is 26.3Mb
     sub-directories of 1Mb or more:
     doc 7.4Mb
     libs 18.5Mb
Flavors: r-devel-linux-x86_64-fedora-clang, r-devel-windows-ix86+x86_64, r-patched-solaris-x86, r-release-windows-ix86+x86_64, r-release-osx-x86_64, r-oldrel-windows-ix86+x86_64, r-oldrel-osx-x86_64