CRAN Package Check Results for Package Numero

Last updated on 2019-07-17 18:48:07 CEST.

Flavor Version Tinstall Tcheck Ttotal Status Flags
r-devel-linux-x86_64-debian-clang 1.2.0 310.15 86.76 396.91 OK
r-devel-linux-x86_64-debian-gcc 1.2.0 221.93 70.09 292.02 OK
r-devel-linux-x86_64-fedora-clang 1.2.0 704.18 NOTE
r-devel-linux-x86_64-fedora-gcc 1.2.0 548.98 OK
r-devel-windows-ix86+x86_64 1.2.0 1314.00 197.00 1511.00 NOTE
r-patched-linux-x86_64 1.2.0 272.64 90.20 362.84 OK
r-patched-solaris-x86 1.2.0 577.80 NOTE
r-release-linux-x86_64 1.2.0 276.55 90.08 366.63 OK
r-release-windows-ix86+x86_64 1.2.0 980.00 207.00 1187.00 NOTE
r-release-osx-x86_64 1.2.0 NOTE
r-oldrel-windows-ix86+x86_64 1.2.0 957.00 151.00 1108.00 NOTE
r-oldrel-osx-x86_64 1.2.0 NOTE

Check Details

Version: 1.2.0
Check: installed package size
Result: NOTE
     installed size is 24.1Mb
     sub-directories of 1Mb or more:
     doc 7.4Mb
     libs 16.3Mb
Flavors: r-devel-linux-x86_64-fedora-clang, r-devel-windows-ix86+x86_64, r-patched-solaris-x86, r-release-windows-ix86+x86_64, r-release-osx-x86_64, r-oldrel-windows-ix86+x86_64, r-oldrel-osx-x86_64