Last updated on 2021-03-03 19:48:12 CET.
Flavor | Version | Tinstall | Tcheck | Ttotal | Status | Flags |
---|---|---|---|---|---|---|
r-devel-linux-x86_64-debian-clang | 1.0.0 | 6.86 | 76.34 | 83.20 | OK | |
r-devel-linux-x86_64-debian-gcc | 1.0.0 | 6.15 | 58.87 | 65.02 | OK | |
r-devel-linux-x86_64-fedora-clang | 1.0.0 | 111.67 | OK | |||
r-devel-linux-x86_64-fedora-gcc | 1.0.0 | 101.58 | OK | |||
r-devel-windows-ix86+x86_64 | 1.0.0 | 18.00 | 98.00 | 116.00 | OK | |
r-patched-linux-x86_64 | 1.0.0 | 6.06 | 73.98 | 80.04 | OK | |
r-patched-solaris-x86 | 1.0.0 | 135.20 | OK | |||
r-release-linux-x86_64 | 1.0.0 | 6.33 | 73.26 | 79.59 | OK | |
r-release-macos-x86_64 | 1.0.0 | OK | ||||
r-release-windows-ix86+x86_64 | 1.0.0 | 14.00 | 79.00 | 93.00 | OK | |
r-oldrel-macos-x86_64 | 1.0.0 | NOTE | ||||
r-oldrel-windows-ix86+x86_64 | 1.0.0 | 16.00 | 100.00 | 116.00 | OK |
Version: 1.0.0
Check: package dependencies
Result: NOTE
Package suggested but not available for checking: ‘BiocStyle’
Flavor: r-oldrel-macos-x86_64