CRAN Package Check Results for Package OAIHarvester

Last updated on 2019-03-22 21:47:18 CET.

Flavor Version Tinstall Tcheck Ttotal Status Flags
r-devel-linux-x86_64-debian-clang 0.3-0 2.87 30.03 32.90 OK
r-devel-linux-x86_64-debian-gcc 0.3-0 2.28 24.45 26.73 OK
r-devel-linux-x86_64-fedora-clang 0.3-0 40.50 OK
r-devel-linux-x86_64-fedora-gcc 0.3-0 38.53 OK
r-devel-windows-ix86+x86_64 0.3-0 9.00 84.00 93.00 OK
r-patched-linux-x86_64 0.3-0 1.86 28.25 30.11 OK
r-patched-solaris-x86 0.3-0 56.90 OK
r-release-linux-x86_64 0.3-0 1.88 28.20 30.08 OK
r-release-windows-ix86+x86_64 0.3-0 4.00 59.00 63.00 OK
r-release-osx-x86_64 0.3-0 OK
r-oldrel-windows-ix86+x86_64 0.3-0 5.00 75.00 80.00 OK
r-oldrel-osx-x86_64 0.3-0 NOTE

Check Details

Version: 0.3-0
Check: re-building of vignette outputs
Result: NOTE
    Error in re-building vignettes:
     ...
    Loading required package: xml2
    Error in texi2dvi(file = file, pdf = TRUE, clean = clean, quiet = quiet, :
     Running 'texi2dvi' on 'oaih.tex' failed.
    LaTeX errors:
    ! LaTeX Error: File `a4wide.sty' not found.
    
    Type X to quit or <RETURN> to proceed,
    or enter new name. (Default extension: sty)
    
    ! Emergency stop.
    <read *>
    
    l.8 ^^M
    
    ! ==> Fatal error occurred, no output PDF file produced!
    Calls: buildVignettes -> texi2pdf -> texi2dvi
    Execution halted
Flavor: r-oldrel-osx-x86_64