CRAN Package Check Results for Package OAIHarvester

Last updated on 2019-10-23 17:50:05 CEST.

Flavor Version Tinstall Tcheck Ttotal Status Flags
r-devel-linux-x86_64-debian-clang 0.3-0 2.75 31.49 34.24 OK
r-devel-linux-x86_64-debian-gcc 0.3-0 2.49 25.53 28.02 OK
r-devel-linux-x86_64-fedora-clang 0.3-0 40.26 OK
r-devel-linux-x86_64-fedora-gcc 0.3-0 39.44 OK
r-devel-windows-ix86+x86_64 0.3-0 11.00 60.00 71.00 OK
r-patched-linux-x86_64 0.3-0 2.47 29.90 32.37 OK
r-patched-solaris-x86 0.3-0 62.70 OK
r-release-linux-x86_64 0.3-0 2.36 25.20 27.56 ERROR
r-release-windows-ix86+x86_64 0.3-0 11.00 72.00 83.00 OK
r-release-osx-x86_64 0.3-0 OK
r-oldrel-windows-ix86+x86_64 0.3-0 6.00 76.00 82.00 OK
r-oldrel-osx-x86_64 0.3-0 OK

Check Details

Version: 0.3-0
Check: examples
Result: ERROR
    Running examples in ‘OAIHarvester-Ex.R’ failed
    The error most likely occurred in:
    
    > base::assign(".ptime", proc.time(), pos = "CheckExEnv")
    > ### Name: serialize
    > ### Title: Serialization for OAI-PMH Objects
    > ### Aliases: oaih_read_RDS oaih_save_RDS oaih_str_to_xml oaih_xml_to_str
    >
    > ### ** Examples
    >
    > baseurl <- "http://epub.wu.ac.at/cgi/oai2"
    > x <- oaih_identify(baseurl)
    Error in OAI_PMH_issue_request(baseurl, "verb=Identify") :
     OAI-PMH request failed with HTTP status code 503 and message:
    Service Temporarily Unavailable
    Calls: oaih_identify -> OAI_PMH_issue_request
    Execution halted
Flavor: r-release-linux-x86_64

Version: 0.3-0
Check: re-building of vignette outputs
Result: WARN
    Error(s) in re-building vignettes:
     ...
    --- re-building ‘oaih.Rnw’ using Sweave
    Loading required package: xml2
    
    Error: processing vignette 'oaih.Rnw' failed with diagnostics:
     chunk 3
    Error in OAI_PMH_issue_request(baseurl, "verb=Identify") :
     OAI-PMH request failed with HTTP status code 503 and message:
    Service Temporarily Unavailable
    
    --- failed re-building ‘oaih.Rnw’
    
    SUMMARY: processing the following file failed:
     ‘oaih.Rnw’
    
    Error: Vignette re-building failed.
    Execution halted
Flavor: r-release-linux-x86_64