CRAN Package Check Results for Package OBMbpkg

Last updated on 2021-12-08 09:53:36 CET.

Flavor Version Tinstall Tcheck Ttotal Status Flags
r-devel-linux-x86_64-debian-clang 1.0.0 2.00 27.44 29.44 NOTE
r-devel-linux-x86_64-debian-gcc 1.0.0 1.49 21.76 23.25 NOTE
r-devel-linux-x86_64-fedora-clang 1.0.0 36.59 NOTE
r-devel-linux-x86_64-fedora-gcc 1.0.0 25.93 NOTE
r-devel-windows-x86_64-new-UL 1.0.0 5.00 50.00 55.00 NOTE
r-devel-windows-x86_64-new-TK 1.0.0 NOTE
r-devel-windows-x86_64-old 1.0.0 6.00 37.00 43.00 NOTE
r-patched-linux-x86_64 1.0.0 1.70 26.33 28.03 NOTE
r-release-linux-x86_64 1.0.0 1.59 26.21 27.80 NOTE
r-release-macos-arm64 1.0.0 NOTE
r-release-macos-x86_64 1.0.0 NOTE
r-release-windows-ix86+x86_64 1.0.0 5.00 36.00 41.00 NOTE
r-oldrel-macos-x86_64 1.0.0 OK
r-oldrel-windows-ix86+x86_64 1.0.0 6.00 32.00 38.00 OK

Check Details

Version: 1.0.0
Check: LazyData
Result: NOTE
     'LazyData' is specified without a 'data' directory
Flavors: r-devel-linux-x86_64-debian-clang, r-devel-linux-x86_64-debian-gcc, r-devel-linux-x86_64-fedora-clang, r-devel-linux-x86_64-fedora-gcc, r-devel-windows-x86_64-new-UL, r-devel-windows-x86_64-new-TK, r-devel-windows-x86_64-old, r-patched-linux-x86_64, r-release-linux-x86_64, r-release-macos-arm64, r-release-macos-x86_64, r-release-windows-ix86+x86_64