CRAN Package Check Results for Package OCNet

Last updated on 2020-08-11 12:50:07 CEST.

Flavor Version Tinstall Tcheck Ttotal Status Flags
r-devel-linux-x86_64-debian-clang 0.3.2 25.21 200.19 225.40 OK
r-devel-linux-x86_64-debian-gcc 0.3.2 22.45 152.10 174.55 OK
r-devel-linux-x86_64-fedora-clang 0.3.2 278.04 OK
r-devel-linux-x86_64-fedora-gcc 0.3.2 266.53 OK
r-devel-windows-ix86+x86_64 0.3.2 49.00 376.00 425.00 OK
r-patched-linux-x86_64 0.3.2 24.92 192.61 217.53 OK
r-patched-solaris-x86 0.3.2 396.50 OK
r-release-linux-x86_64 0.3.2 25.14 194.98 220.12 OK
r-release-macos-x86_64 0.3.2 OK
r-release-windows-ix86+x86_64 0.3.2 68.00 395.00 463.00 OK
r-oldrel-macos-x86_64 0.3.2 WARN
r-oldrel-windows-ix86+x86_64 0.3.2 48.00 255.00 303.00 OK

Check Details

Version: 0.3.2
Check: whether package can be installed
Result: WARN
    Found the following significant warnings:
     Warning: 'rgl.init' failed, running with 'rgl.useNULL = TRUE'.
Flavor: r-oldrel-macos-x86_64