CRAN Package Check Results for Package ODataQuery

Last updated on 2021-10-17 22:48:42 CEST.

Flavor Version Tinstall Tcheck Ttotal Status Flags
r-devel-linux-x86_64-debian-clang 0.5.3 3.15 25.66 28.81 OK
r-devel-linux-x86_64-debian-gcc 0.5.3 2.37 21.03 23.40 OK
r-devel-linux-x86_64-fedora-clang 0.5.3 45.74 NOTE
r-devel-linux-x86_64-fedora-gcc 0.5.3 37.41 NOTE
r-devel-windows-x86_64 0.5.3 6.00 54.00 60.00 OK
r-devel-windows-x86_64-gcc10-UCRT 0.5.3 NOTE
r-patched-linux-x86_64 0.5.3 3.30 26.17 29.47 OK
r-patched-solaris-x86 0.5.3 54.00 NOTE
r-release-linux-x86_64 0.5.3 3.26 25.89 29.15 OK
r-release-macos-arm64 0.5.3 NOTE
r-release-macos-x86_64 0.5.3 NOTE
r-release-windows-ix86+x86_64 0.5.3 5.00 48.00 53.00 OK
r-oldrel-macos-x86_64 0.5.3 NOTE
r-oldrel-windows-ix86+x86_64 0.5.3 6.00 51.00 57.00 OK

Check Details

Version: 0.5.3
Check: dependencies in R code
Result: NOTE
    Namespace in Imports field not imported from: ‘R6’
     All declared Imports should be used.
Flavors: r-devel-linux-x86_64-fedora-clang, r-devel-linux-x86_64-fedora-gcc, r-devel-windows-x86_64-gcc10-UCRT, r-patched-solaris-x86, r-release-macos-arm64, r-release-macos-x86_64, r-oldrel-macos-x86_64