CRAN Package Check Results for Package OECD

Last updated on 2019-09-23 11:48:24 CEST.

Flavor Version Tinstall Tcheck Ttotal Status Flags
r-devel-linux-x86_64-debian-clang 0.2.3.999 1.73 36.34 38.07 OK
r-devel-linux-x86_64-debian-gcc 0.2.3.999 1.52 28.85 30.37 OK
r-devel-linux-x86_64-fedora-clang 0.2.3.999 45.85 OK
r-devel-linux-x86_64-fedora-gcc 0.2.3.999 45.38 OK
r-devel-windows-ix86+x86_64 0.2.3.999 10.00 103.00 113.00 OK
r-patched-linux-x86_64 0.2.3.999 1.59 35.50 37.09 OK
r-patched-solaris-x86 0.2.3.999 63.10 OK
r-release-linux-x86_64 0.2.3.999 1.64 35.76 37.40 OK
r-release-windows-ix86+x86_64 0.2.3.999 7.00 101.00 108.00 OK
r-release-osx-x86_64 0.2.3.999 OK
r-oldrel-windows-ix86+x86_64 0.2.3.999 3.00 97.00 100.00 WARN
r-oldrel-osx-x86_64 0.2.3.999 OK

Check Details

Version: 0.2.3.999
Check: re-building of vignette outputs
Result: WARN
    Error in re-building vignettes:
     ...
    Quitting from lines 161-165 (OECD.Rmd)
    Error: processing vignette 'OECD.Rmd' failed with diagnostics:
    HTTP request failed with status: 500 Internal Server Error
    Execution halted
Flavor: r-oldrel-windows-ix86+x86_64