Last updated on 2023-12-10 22:56:05 CET.
Flavor | Version | Tinstall | Tcheck | Ttotal | Status | Flags |
---|---|---|---|---|---|---|
r-devel-linux-x86_64-debian-clang | 0.1.0 | 5.84 | 72.89 | 78.73 | OK | |
r-devel-linux-x86_64-debian-gcc | 0.1.0 | 6.71 | 55.17 | 61.88 | OK | |
r-devel-linux-x86_64-fedora-clang | 0.1.0 | 98.04 | OK | |||
r-devel-linux-x86_64-fedora-gcc | 0.1.0 | 94.61 | OK | |||
r-devel-windows-x86_64 | 0.1.0 | 7.00 | 69.00 | 76.00 | OK | |
r-patched-linux-x86_64 | 0.1.0 | 8.60 | 71.09 | 79.69 | OK | |
r-release-linux-x86_64 | 0.1.0 | 7.06 | 72.21 | 79.27 | OK | |
r-release-macos-arm64 | 0.1.0 | 34.00 | OK | |||
r-release-macos-x86_64 | 0.1.0 | 52.00 | OK | |||
r-release-windows-x86_64 | 0.1.0 | 9.00 | 78.00 | 87.00 | OK | |
r-oldrel-macos-arm64 | 0.1.0 | 38.00 | ERROR | |||
r-oldrel-macos-x86_64 | 0.1.0 | 55.00 | ERROR | |||
r-oldrel-windows-x86_64 | 0.1.0 | 9.00 | 84.00 | 93.00 | OK |
Version: 0.1.0
Check: PDF version of manual
Result: WARN
LaTeX errors when creating PDF version.
This typically indicates Rd problems.
LaTeX errors found:
! Undefined control sequence.
<argument> [0,\text
{min}(p_1,p_2))
l.77 a number in \eqn{[0,\text{min}(p_1,p_2))}{}
, indicating the cross-secti...
Flavors: r-oldrel-macos-arm64, r-oldrel-macos-x86_64
Version: 0.1.0
Check: PDF version of manual without index
Result: ERROR
Flavors: r-oldrel-macos-arm64, r-oldrel-macos-x86_64